{"id":2898,"date":"2020-07-13T17:00:06","date_gmt":"2020-07-13T15:00:06","guid":{"rendered":"https:\/\/cienfuegos.fr\/?post_type=product&#038;p=2898"},"modified":"2020-09-05T23:04:50","modified_gmt":"2020-09-05T21:04:50","slug":"nuevo-catecismo-para-indios-remisos-2","status":"publish","type":"product","link":"https:\/\/cienfuegos.fr\/index.php\/product\/nuevo-catecismo-para-indios-remisos-2\/","title":{"rendered":"Nuevo catecismo para indios remisos"},"content":{"rendered":"","protected":false},"excerpt":{"rendered":"<p>Autor: Monsiv\u00e1is, Carlos<br \/>\nEditorial: LOM<br \/>\nA\u00f1o de publicaci\u00f3n:<br \/>\nN\u00famero de p\u00e1ginas:<br \/>\nI.S.B.N : 9562824063<\/p>\n<p>En el principio hubo nueve grabados coloniales sobre cuyas placas en blanco y negro el gran artista Francisco Toledo sobregrab\u00f3 trazos y colores nuevos. Paralelamente, Carlos Monsiv\u00e1is escribi\u00f3 una serie de textos a modo de catecismo para indios, con el loable fin de alejarlos de supercher\u00edas y encaminarlos por la buena senda. Aquellas ilustraciones y aquellos textos se juntaron en una edici\u00f3n limitad\u00edsima para bibli\u00f3filos. Un volumen tan hermoso como delicioso.<\/p>\n","protected":false},"featured_media":5536,"comment_status":"closed","ping_status":"closed","template":"","meta":[],"class_list":{"0":"post-2898","1":"product","2":"type-product","3":"status-publish","4":"has-post-thumbnail","6":"product_cat-ensayo","7":"post","9":"first","10":"instock","11":"taxable","12":"shipping-taxable","13":"purchasable","14":"product-type-simple"},"_links":{"self":[{"href":"https:\/\/cienfuegos.fr\/index.php\/wp-json\/wp\/v2\/product\/2898","targetHints":{"allow":["GET"]}}],"collection":[{"href":"https:\/\/cienfuegos.fr\/index.php\/wp-json\/wp\/v2\/product"}],"about":[{"href":"https:\/\/cienfuegos.fr\/index.php\/wp-json\/wp\/v2\/types\/product"}],"replies":[{"embeddable":true,"href":"https:\/\/cienfuegos.fr\/index.php\/wp-json\/wp\/v2\/comments?post=2898"}],"wp:featuredmedia":[{"embeddable":true,"href":"https:\/\/cienfuegos.fr\/index.php\/wp-json\/wp\/v2\/media\/5536"}],"wp:attachment":[{"href":"https:\/\/cienfuegos.fr\/index.php\/wp-json\/wp\/v2\/media?parent=2898"}],"curies":[{"name":"wp","href":"https:\/\/api.w.org\/{rel}","templated":true}]}}