{"id":2889,"date":"2020-07-13T16:59:53","date_gmt":"2020-07-13T14:59:53","guid":{"rendered":"https:\/\/cienfuegos.fr\/?post_type=product&#038;p=2889"},"modified":"2020-08-01T23:55:05","modified_gmt":"2020-08-01T21:55:05","slug":"recuerdos-de-hace-un-cuarto-de-hora-2","status":"publish","type":"product","link":"https:\/\/cienfuegos.fr\/index.php\/product\/recuerdos-de-hace-un-cuarto-de-hora-2\/","title":{"rendered":"Recuerdos de hace un cuarto de hora"},"content":{"rendered":"","protected":false},"excerpt":{"rendered":"<p>Autor: Ibarguengoitia, Jorge<br \/>\nEditorial: Ediciones Diego Portales<br \/>\nA\u00f1o de publicaci\u00f3n:<br \/>\nN\u00famero de p\u00e1ginas:<br \/>\nI.S.B.N : 978-956-314-207-5<\/p>\n<p>A lo largo de una d\u00e9cada y media, el desaf\u00edo de escribir un art\u00edculo semanal acerca de cualquier cosa que se le viniera a la cabeza llev\u00f3 a Jorge Ibarg\u00fcengoitia a concentrarse hasta en las menores nimiedades rutinarias, ya fuera en la esfera \u00edntima o colectiva, observando cada rinc\u00f3n de su inmediatez con iron\u00eda y transformando las peque\u00f1as desgracias diarias y los sinsentidos de las costumbres en motivos de asombro cr\u00edtico y bien humorado. Las molestas aver\u00edas dom\u00e9sticas, las preguntas que no se pueden contestar, el deporte de proyectar casas ajenas, las conversaciones triviales, la fenomenolog\u00eda de las estatuas: no existe tema banal para este cronista que, como bien lo ha apuntado Juan Villoro, \u201ccomprendi\u00f3 que no hay nada m\u00e1s misterioso que la cotidianeidad\u201d.<\/p>\n<p>Este libro es una selecci\u00f3n de los art\u00edculos que el autor mexicano escribi\u00f3, primero para el diario Exc\u00e9lsior y luego para la revista Vuelta, entre 1968 y el a\u00f1o de su tr\u00e1gica y temprana muerte en un accidente a\u00e9reo, 1983. En ellos despliega su singular manera de asediar la estupidez circundante, los venenos de la realidad o simplemente el sopor de nuestras convenciones a trav\u00e9s de un humor que, tan bondadoso como mordaz, intenta servir de amable coraza para la sobrevivencia.<\/p>\n","protected":false},"featured_media":0,"comment_status":"closed","ping_status":"closed","template":"","meta":[],"class_list":{"0":"post-2889","1":"product","2":"type-product","3":"status-publish","5":"product_cat-ensayo","6":"post","8":"first","9":"instock","10":"taxable","11":"shipping-taxable","12":"purchasable","13":"product-type-simple"},"_links":{"self":[{"href":"https:\/\/cienfuegos.fr\/index.php\/wp-json\/wp\/v2\/product\/2889","targetHints":{"allow":["GET"]}}],"collection":[{"href":"https:\/\/cienfuegos.fr\/index.php\/wp-json\/wp\/v2\/product"}],"about":[{"href":"https:\/\/cienfuegos.fr\/index.php\/wp-json\/wp\/v2\/types\/product"}],"replies":[{"embeddable":true,"href":"https:\/\/cienfuegos.fr\/index.php\/wp-json\/wp\/v2\/comments?post=2889"}],"wp:attachment":[{"href":"https:\/\/cienfuegos.fr\/index.php\/wp-json\/wp\/v2\/media?parent=2889"}],"curies":[{"name":"wp","href":"https:\/\/api.w.org\/{rel}","templated":true}]}}