{"id":2877,"date":"2020-07-13T16:59:34","date_gmt":"2020-07-13T14:59:34","guid":{"rendered":"https:\/\/cienfuegos.fr\/?post_type=product&#038;p=2877"},"modified":"2020-09-06T02:48:41","modified_gmt":"2020-09-06T00:48:41","slug":"dark-2","status":"publish","type":"product","link":"https:\/\/cienfuegos.fr\/index.php\/product\/dark-2\/","title":{"rendered":"Dark"},"content":{"rendered":"","protected":false},"excerpt":{"rendered":"<p>Autor: Cozarinsky, Edgardo<br \/>\nEditorial: Tusquets<br \/>\nA\u00f1o de publicaci\u00f3n: 2016<br \/>\nN\u00famero de p\u00e1ginas: 136<br \/>\nI.S.B.N : 978-8490662342<\/p>\n<p>Un escritor en su madurez hace repaso a un Buenos Aires que ya no existe y a una serie de personajes que desempe\u00f1aron un papel determinante en su vida. Sus recuerdos son desordenados: vagabundeos por el Bajo porte\u00f1o de los a\u00f1os 50, donde el joven busca la pista del mundo lleno de aventuras extra\u00eddas de sus lecturas y trata de hallarlas en im\u00e1genes de bares de mala muerte. En una escapada nocturna se acerca a un club de tango, donde un hombre mayor se interesa por \u00e9l y le da conversaci\u00f3n. El joven le da un nombre falso e inicia una doble vida entre la de su casa y su asistencia al colegio y los encuentros con Andr\u00e9s. Lo que intriga es el porqu\u00e9 del inter\u00e9s de Andr\u00e9s por V\u00edctor, ya que todo parece apuntar a una relaci\u00f3n homosexual y no es as\u00ed, a pesar de las ambig\u00fcedades de algunas situaciones.<\/p>\n","protected":false},"featured_media":0,"comment_status":"closed","ping_status":"closed","template":"","meta":[],"class_list":{"0":"post-2877","1":"product","2":"type-product","3":"status-publish","5":"product_cat-narrativa","6":"post","8":"first","9":"instock","10":"taxable","11":"shipping-taxable","12":"purchasable","13":"product-type-simple"},"_links":{"self":[{"href":"https:\/\/cienfuegos.fr\/index.php\/wp-json\/wp\/v2\/product\/2877","targetHints":{"allow":["GET"]}}],"collection":[{"href":"https:\/\/cienfuegos.fr\/index.php\/wp-json\/wp\/v2\/product"}],"about":[{"href":"https:\/\/cienfuegos.fr\/index.php\/wp-json\/wp\/v2\/types\/product"}],"replies":[{"embeddable":true,"href":"https:\/\/cienfuegos.fr\/index.php\/wp-json\/wp\/v2\/comments?post=2877"}],"wp:attachment":[{"href":"https:\/\/cienfuegos.fr\/index.php\/wp-json\/wp\/v2\/media?parent=2877"}],"curies":[{"name":"wp","href":"https:\/\/api.w.org\/{rel}","templated":true}]}}