{"id":2876,"date":"2020-07-13T16:59:32","date_gmt":"2020-07-13T14:59:32","guid":{"rendered":"https:\/\/cienfuegos.fr\/?post_type=product&#038;p=2876"},"modified":"2020-08-02T00:22:18","modified_gmt":"2020-08-01T22:22:18","slug":"papeles-dispersos-2","status":"publish","type":"product","link":"https:\/\/cienfuegos.fr\/index.php\/product\/papeles-dispersos-2\/","title":{"rendered":"Papeles dispersos"},"content":{"rendered":"","protected":false},"excerpt":{"rendered":"<p>Autor: Lange, Nora<br \/>\nEditorial: Beatriz Viterbo<br \/>\nA\u00f1o de publicaci\u00f3n:<br \/>\nN\u00famero de p\u00e1ginas:<br \/>\nI.S.B.N : 9789508452641<\/p>\n<p>&#8216;Si el relato biogr\u00e1fico de un autor se ordena a partir de su obra publicada es sencillo inferir que los textos que se agreguen a ese conjunto que se cre\u00eda estabilizado reorienten la direcci\u00f3n de las lecturas posteriores. As\u00ed, cuando los textos dispersos se dan a conocer, venciendo las l\u00f3gicas de lo secreto y olvidado, se reacomodan y obligadamente se recuestan sobre esa obra que los antecede y justifica, proponiendo un reverso o contrapeso de la biograf\u00eda que la sostiene. Dicha emergencia invita a la verificaci\u00f3n o desv\u00edo de lo conocido; probablemente al descubrimiento de lo inesperado y a su extra\u00f1eza. De este modo, los as\u00ed llamados papeles dispersos, de interioridad desunida -variada, plural, diversa- tejen una continuidad, el hilo invisible que enlaza los puntos conocidos con los in\u00e9ditos de una obra con firma impresa y de bordes ahora extendidos. Los que aqu\u00ed se presentan resguardan esa trama, la sustancia oculta que demor\u00f3 esta aparici\u00f3n y que pone en movimiento una serie de patas que tensionan los mundos narrativos, po\u00e9ticos, discursivos de la escritora Norah Lange. Se encaminan, como ya hab\u00eda ocurrido con la edici\u00f3n realizada por esta misma editorial de la novela p\u00f3stuma El cuarto de vidrio, a ir retocando y completando los l\u00edmites antes dados&#8217;.<br \/>\nNora Dom\u00ednguez&#8217;<\/p>\n","protected":false},"featured_media":0,"comment_status":"closed","ping_status":"closed","template":"","meta":[],"class_list":{"0":"post-2876","1":"product","2":"type-product","3":"status-publish","5":"product_cat-narrativa","6":"post","8":"first","9":"instock","10":"taxable","11":"shipping-taxable","12":"purchasable","13":"product-type-simple"},"_links":{"self":[{"href":"https:\/\/cienfuegos.fr\/index.php\/wp-json\/wp\/v2\/product\/2876","targetHints":{"allow":["GET"]}}],"collection":[{"href":"https:\/\/cienfuegos.fr\/index.php\/wp-json\/wp\/v2\/product"}],"about":[{"href":"https:\/\/cienfuegos.fr\/index.php\/wp-json\/wp\/v2\/types\/product"}],"replies":[{"embeddable":true,"href":"https:\/\/cienfuegos.fr\/index.php\/wp-json\/wp\/v2\/comments?post=2876"}],"wp:attachment":[{"href":"https:\/\/cienfuegos.fr\/index.php\/wp-json\/wp\/v2\/media?parent=2876"}],"curies":[{"name":"wp","href":"https:\/\/api.w.org\/{rel}","templated":true}]}}