{"id":2871,"date":"2020-07-13T16:59:24","date_gmt":"2020-07-13T14:59:24","guid":{"rendered":"https:\/\/cienfuegos.fr\/?post_type=product&#038;p=2871"},"modified":"2020-08-20T16:07:28","modified_gmt":"2020-08-20T14:07:28","slug":"emergencias-2","status":"publish","type":"product","link":"https:\/\/cienfuegos.fr\/index.php\/product\/emergencias-2\/","title":{"rendered":"Emergencias"},"content":{"rendered":"","protected":false},"excerpt":{"rendered":"<p>Autor: Eltit, Diamela<br \/>\nEditorial: Seix Barral<br \/>\nA\u00f1o de publicaci\u00f3n:<br \/>\nN\u00famero de p\u00e1ginas:<br \/>\nI.S.B.N:<\/p>\n<p>Del conjunto de estos textos \u2013publicados por primera vez en 2000 y reeditados ahora por Seix Barral\u2013 pueden hacerse, entre otras, dos observaciones. Una: casi en su totalidad responden a un gesto de apertura al mundo cotidiano y de compromiso con est\u00edmulos culturales del d\u00eda tras d\u00eda. Son textos en los que alienta, de alg\u00fan modo, el esp\u00edritu de la cr\u00f3nica, y no solo por su objeto (inevitablemente huidizo, cambiante, pasajero, provocativo), tambi\u00e9n por la modalidad de la escritura, eminentemente period\u00edstica. Dos: el discurso cr\u00edtico de la autora se abre a la reflexi\u00f3n suscitada y orientada por problem\u00e1ticas muy diversas, pero en varios puntos entrecruzadas: la memoria ensombrecida, traumada, de los tiempos de la dictadura y el modo, fraudulento a su juicio, en que la asume la transici\u00f3n; y los secretos designios del neocapitalismo postmoderno y sus implicaciones sociales, \u00e9ticas y est\u00e9ticas; los signos ofrecidos a sus desciframiento por las propuestas provenientes del mundo de la pl\u00e1stica, del video, del cine, de la fotograf\u00eda, del bordado art\u00edstico, y desde luego, del mundo de la misma literatura, la propia y la de otros.<\/p>\n","protected":false},"featured_media":5177,"comment_status":"closed","ping_status":"closed","template":"","meta":[],"class_list":{"0":"post-2871","1":"product","2":"type-product","3":"status-publish","4":"has-post-thumbnail","6":"product_cat-ensayo","7":"post","9":"first","10":"instock","11":"taxable","12":"shipping-taxable","13":"purchasable","14":"product-type-simple"},"_links":{"self":[{"href":"https:\/\/cienfuegos.fr\/index.php\/wp-json\/wp\/v2\/product\/2871","targetHints":{"allow":["GET"]}}],"collection":[{"href":"https:\/\/cienfuegos.fr\/index.php\/wp-json\/wp\/v2\/product"}],"about":[{"href":"https:\/\/cienfuegos.fr\/index.php\/wp-json\/wp\/v2\/types\/product"}],"replies":[{"embeddable":true,"href":"https:\/\/cienfuegos.fr\/index.php\/wp-json\/wp\/v2\/comments?post=2871"}],"wp:featuredmedia":[{"embeddable":true,"href":"https:\/\/cienfuegos.fr\/index.php\/wp-json\/wp\/v2\/media\/5177"}],"wp:attachment":[{"href":"https:\/\/cienfuegos.fr\/index.php\/wp-json\/wp\/v2\/media?parent=2871"}],"curies":[{"name":"wp","href":"https:\/\/api.w.org\/{rel}","templated":true}]}}