{"id":2823,"date":"2020-07-13T16:58:11","date_gmt":"2020-07-13T14:58:11","guid":{"rendered":"https:\/\/cienfuegos.fr\/?post_type=product&#038;p=2823"},"modified":"2022-04-28T15:42:47","modified_gmt":"2022-04-28T13:42:47","slug":"sana-2","status":"publish","type":"product","link":"https:\/\/cienfuegos.fr\/index.php\/product\/sana-2\/","title":{"rendered":"Sa\u00f1a"},"content":{"rendered":"","protected":false},"excerpt":{"rendered":"<p>Autor: Glantz, Margo<br \/>\nEditorial: Eterna Cadencia<br \/>\nA\u00f1o de publicaci\u00f3n:<br \/>\nN\u00famero de p\u00e1ginas:<br \/>\nI.S.B.N: 978-987-1673-05-6<\/p>\n<p>Margo Glantz publica en la Argentina este libro centr\u00edfugo y vertiginoso que sigue el itinerario de una mujer que ha caminado el mundo con zapatos de dise\u00f1ador, desde la erudici\u00f3n hasta la banalidad, desde la haute culture a la brutalidad. Contra la ostentaci\u00f3n, contra los genocidios, el imperialismo, contra el \u00faltimo Rimbaud, lo mutilado, Eichmann, lo sucio y lo impuro. A favor del para\u00edso, de la pintura de Lucien Freud y las fotograf\u00edas de Cindy Crawford; m\u00fasica, degollamientos y Francis Bacon. Eterna Cadencia Editora se enorgullece en presentar el \u00faltimo libro de Margo Glantz que, a sus ochenta a\u00f1os, es una de las autoras m\u00e1s importante de M\u00e9xico y una de las figuras m\u00e1s destacadas y homenajeadas de Latinoam\u00e9rica. Una sucesi\u00f3n de textos breves, unidos por un sutil hilv\u00e1n que permite leerlos tambi\u00e9n de manera aut\u00f3noma, conforman este libro at\u00edpico en torno a un sentimiento plenamente humano, una suerte de mosaico narrativo que explora la sa\u00f1a m\u00e1s all\u00e1 de la crueldad y el encono. Las historias y los temas \u2013algunos habituales en la literatura de Glantz\u2013 se entrecruzan y reiteran como variaciones de una pieza musical (el cuerpo y la moda, lo escatol\u00f3gico, el antisemitismo, Auschwitz, la intolerancia hacia lo monstruoso y lo incompleto en el Antiguo Testamento, los museos de Nueva York, la vida de artistas como Spencer, Bacon, Freud, Scarlatti o Rimbaud) en una prosa precisa y despojada de marcas gr\u00e1ficas, que encuentra la fluidez en el borramiento de las fronteras entre la voz propia y la ajena. Humor, erudici\u00f3n, elegancia e iron\u00eda en un libro que se revela en contra de toda clasificaci\u00f3n, una obra exquisita de una de las escritoras m\u00e1s renombradas de las letras mexicanas, que asegura que es necesario ensa\u00f1arse para poder escribir.<\/p>\n","protected":false},"featured_media":0,"comment_status":"closed","ping_status":"closed","template":"","meta":[],"class_list":{"0":"post-2823","1":"product","2":"type-product","3":"status-publish","5":"product_cat-narrativa","6":"post","8":"first","9":"onbackorder","10":"taxable","11":"shipping-taxable","12":"purchasable","13":"product-type-simple"},"_links":{"self":[{"href":"https:\/\/cienfuegos.fr\/index.php\/wp-json\/wp\/v2\/product\/2823","targetHints":{"allow":["GET"]}}],"collection":[{"href":"https:\/\/cienfuegos.fr\/index.php\/wp-json\/wp\/v2\/product"}],"about":[{"href":"https:\/\/cienfuegos.fr\/index.php\/wp-json\/wp\/v2\/types\/product"}],"replies":[{"embeddable":true,"href":"https:\/\/cienfuegos.fr\/index.php\/wp-json\/wp\/v2\/comments?post=2823"}],"wp:attachment":[{"href":"https:\/\/cienfuegos.fr\/index.php\/wp-json\/wp\/v2\/media?parent=2823"}],"curies":[{"name":"wp","href":"https:\/\/api.w.org\/{rel}","templated":true}]}}