{"id":2819,"date":"2020-07-13T16:58:04","date_gmt":"2020-07-13T14:58:04","guid":{"rendered":"https:\/\/cienfuegos.fr\/?post_type=product&#038;p=2819"},"modified":"2020-09-06T03:20:38","modified_gmt":"2020-09-06T01:20:38","slug":"real-en-el-rosedal-2","status":"publish","type":"product","link":"https:\/\/cienfuegos.fr\/index.php\/product\/real-en-el-rosedal-2\/","title":{"rendered":"Real en el Rosedal"},"content":{"rendered":"","protected":false},"excerpt":{"rendered":"<p>Autor: Gandolfo, Elvio<br \/>\nEditorial: EMR<br \/>\nA\u00f1o de publicaci\u00f3n:<br \/>\nN\u00famero de p\u00e1ginas:<br \/>\nI.S.B.N : 978-987-9267-60-8<\/p>\n<p>Primero los Jueguitos, despu\u00e9s el Laguito, finalmente el cuerpo y sobre todo la cabeza misma intern\u00e1ndose en zonas sucesivas de follaje, de luz, de sombra, incluso de tr\u00e1fico intenso. En las \u00e9pocas de infancia eso produc\u00eda, a diferencia de la plaza Saavedra, la convicci\u00f3n de la Aventura, de lo Raro, la posibilidad del viaje sin moverse de la propia ciudad. \u00cdbamos por ejemplo con mi hermano Sergio al Rosedal, y nos qued\u00e1bamos enroscados mirando esa especie de templete que est\u00e1 sobre una especie de meseta, tirando para el lado de 27 de Febrero, con una gran escalera de acceso, con algo de imitaci\u00f3n de algo que, para nosotros, era m\u00e1s real que lo real: un templo maya, la sugerencia de Yucat\u00e1n, los guacamayos.<\/p>\n","protected":false},"featured_media":0,"comment_status":"closed","ping_status":"closed","template":"","meta":[],"class_list":{"0":"post-2819","1":"product","2":"type-product","3":"status-publish","5":"product_cat-ensayo","6":"post","8":"first","9":"instock","10":"taxable","11":"shipping-taxable","12":"purchasable","13":"product-type-simple"},"_links":{"self":[{"href":"https:\/\/cienfuegos.fr\/index.php\/wp-json\/wp\/v2\/product\/2819","targetHints":{"allow":["GET"]}}],"collection":[{"href":"https:\/\/cienfuegos.fr\/index.php\/wp-json\/wp\/v2\/product"}],"about":[{"href":"https:\/\/cienfuegos.fr\/index.php\/wp-json\/wp\/v2\/types\/product"}],"replies":[{"embeddable":true,"href":"https:\/\/cienfuegos.fr\/index.php\/wp-json\/wp\/v2\/comments?post=2819"}],"wp:attachment":[{"href":"https:\/\/cienfuegos.fr\/index.php\/wp-json\/wp\/v2\/media?parent=2819"}],"curies":[{"name":"wp","href":"https:\/\/api.w.org\/{rel}","templated":true}]}}