{"id":2806,"date":"2020-07-13T16:57:45","date_gmt":"2020-07-13T14:57:45","guid":{"rendered":"https:\/\/cienfuegos.fr\/?post_type=product&#038;p=2806"},"modified":"2020-08-02T08:10:34","modified_gmt":"2020-08-02T06:10:34","slug":"el-cuaderno-griego-2","status":"publish","type":"product","link":"https:\/\/cienfuegos.fr\/index.php\/product\/el-cuaderno-griego-2\/","title":{"rendered":"El cuaderno griego"},"content":{"rendered":"","protected":false},"excerpt":{"rendered":"<p>Autor: Calveyra, Arnaldo<br \/>\nEditorial: Adriana Hidalgo<br \/>\nA\u00f1o de publicaci\u00f3n:<br \/>\nN\u00famero de p\u00e1ginas:<br \/>\nI.S.B.N : 978-84-92857-04-3<\/p>\n<p>El misterio ha sido desde siempre el n\u00facleo de la poes\u00eda de Calveyra, pero a partir de \u00abMaizal del gregoriano\u00bb se inici\u00f3 un peregrinaje, con la estaci\u00f3n de \u00abDiario de Eleusis\u00bb, que alcanza en El cuaderno griego un provisorio final, el v\u00e9rtice que le faltaba a una involuntaria trilog\u00eda. Calveyra hace posible ese desplazamiento imposible del espacio al tiempo. Hay una po\u00e9tica del rodeo, de la alusi\u00f3n y del sobreentendido. \u201cNunca nos perderemos del todo de la mano del horizonte.\u201d Despu\u00e9s de todo, el horizonte es, como el verso, una l\u00ednea. Calveyra escribe aqu\u00ed tambi\u00e9n una rara especie de autobiograf\u00eda, una autobiograf\u00eda m\u00edtica. Anotaciones, sue\u00f1os, sintaxis del pasado. El poeta adivina aquello que hay detr\u00e1s de la noble sencillez y la serena grandeza. El misterio que Calveyra rodea no pertenece s\u00f3lo a la experiencia: hay un verdadero misterio en las palabras y en sus combinatorias. El poeta pretende \u2013y logra\u2013 que el lenguaje diga cosas que nunca estuvo preparado para decir.<\/p>\n","protected":false},"featured_media":0,"comment_status":"closed","ping_status":"closed","template":"","meta":[],"class_list":{"0":"post-2806","1":"product","2":"type-product","3":"status-publish","5":"product_cat-poesia","6":"post","8":"first","9":"instock","10":"taxable","11":"shipping-taxable","12":"purchasable","13":"product-type-simple"},"_links":{"self":[{"href":"https:\/\/cienfuegos.fr\/index.php\/wp-json\/wp\/v2\/product\/2806","targetHints":{"allow":["GET"]}}],"collection":[{"href":"https:\/\/cienfuegos.fr\/index.php\/wp-json\/wp\/v2\/product"}],"about":[{"href":"https:\/\/cienfuegos.fr\/index.php\/wp-json\/wp\/v2\/types\/product"}],"replies":[{"embeddable":true,"href":"https:\/\/cienfuegos.fr\/index.php\/wp-json\/wp\/v2\/comments?post=2806"}],"wp:attachment":[{"href":"https:\/\/cienfuegos.fr\/index.php\/wp-json\/wp\/v2\/media?parent=2806"}],"curies":[{"name":"wp","href":"https:\/\/api.w.org\/{rel}","templated":true}]}}