{"id":2782,"date":"2020-07-13T16:57:08","date_gmt":"2020-07-13T14:57:08","guid":{"rendered":"https:\/\/cienfuegos.fr\/?post_type=product&#038;p=2782"},"modified":"2022-04-28T15:47:42","modified_gmt":"2022-04-28T13:47:42","slug":"la-casa-de-carton-2","status":"publish","type":"product","link":"https:\/\/cienfuegos.fr\/index.php\/product\/la-casa-de-carton-2\/","title":{"rendered":"La casa de cart\u00f3n"},"content":{"rendered":"","protected":false},"excerpt":{"rendered":"<p>Autor: Ad\u00e1n, Mart\u00edn<br \/>\nEditorial: Mansalva<br \/>\nA\u00f1o de publicaci\u00f3n:<br \/>\nN\u00famero de p\u00e1ginas:<br \/>\nI.S.B.N : 9789871474530<\/p>\n<p>\u00abLa Casa de Cart\u00f3n es una suma de prodigios. Prodigiosa la edad del escritor que antes de los 19 a\u00f1os se desliza en una prosa l\u00facida, ins\u00f3lita y nov\u00edsima, sugerente, a ratos misteriosa, casi siempre ir\u00f3nica.\u00bb<\/p>\n<p>Ricardo Silva-Santisteban<\/p>\n<p>\u00abLa Casa de Cart\u00f3n es una obra \u00fanica dentro de la literatura latinoamericana, escrita por uno de los m\u00e1s grandes poetas peruanos, Mart\u00edn Ad\u00e1n, cuando era casi un ni\u00f1o. S\u00f3lo se puede comparar a esta novela con Hebdomeros, de Giorgio de Chirico o Najdja de Andr\u00e9 Breton, por la singularidad de sus universos on\u00edricos.\u00bb<\/p>\n<p>C\u00e9sar Moro<\/p>\n<p>\u00abLa Casa de Cart\u00f3n podr\u00eda aspirar al puesto de la mejor novela vanguardista hispanoamericana de los a\u00f1os veinte. La estructura no es lineal, y en realidad lo \u00fanico que ocurre es que uno de los personajes, Ram\u00f3n, muere, o ha muerto, o siempre fue un fantasma. Las descripciones de Barranco y de Lima, las andanzas de los colegiales, sus t\u00edas y noviecitas, sus conmovedoras pedanter\u00edas, se suceden en una prosa descentrada y pl\u00e1stica, de ins\u00f3lita riqueza.\u00bb<\/p>\n<p>C\u00e9sar Aira<\/p>\n","protected":false},"featured_media":0,"comment_status":"closed","ping_status":"closed","template":"","meta":[],"class_list":{"0":"post-2782","1":"product","2":"type-product","3":"status-publish","5":"product_cat-narrativa","6":"post","8":"first","9":"onbackorder","10":"taxable","11":"shipping-taxable","12":"purchasable","13":"product-type-simple"},"_links":{"self":[{"href":"https:\/\/cienfuegos.fr\/index.php\/wp-json\/wp\/v2\/product\/2782","targetHints":{"allow":["GET"]}}],"collection":[{"href":"https:\/\/cienfuegos.fr\/index.php\/wp-json\/wp\/v2\/product"}],"about":[{"href":"https:\/\/cienfuegos.fr\/index.php\/wp-json\/wp\/v2\/types\/product"}],"replies":[{"embeddable":true,"href":"https:\/\/cienfuegos.fr\/index.php\/wp-json\/wp\/v2\/comments?post=2782"}],"wp:attachment":[{"href":"https:\/\/cienfuegos.fr\/index.php\/wp-json\/wp\/v2\/media?parent=2782"}],"curies":[{"name":"wp","href":"https:\/\/api.w.org\/{rel}","templated":true}]}}