{"id":2781,"date":"2020-07-13T16:57:06","date_gmt":"2020-07-13T14:57:06","guid":{"rendered":"https:\/\/cienfuegos.fr\/?post_type=product&#038;p=2781"},"modified":"2022-04-28T15:40:31","modified_gmt":"2022-04-28T13:40:31","slug":"los-chongos-de-roa-bastos-2","status":"publish","type":"product","link":"https:\/\/cienfuegos.fr\/index.php\/product\/los-chongos-de-roa-bastos-2\/","title":{"rendered":"Los chongos de Roa Bastos"},"content":{"rendered":"","protected":false},"excerpt":{"rendered":"<p>Autor: AA.VV.<br \/>\nEditorial: Santiago Arcos<br \/>\nA\u00f1o de publicaci\u00f3n:<br \/>\nN\u00famero de p\u00e1ginas:<br \/>\nI.S.B.N:<\/p>\n<p>Desde Ciudad del Este hasta Asunci\u00f3n, desde Pedro Juan Caballero hasta \u00c1frica y m\u00e1s all\u00e1, los relatos reunidos en Los Chongos de Roa Bastos enfrentaron la desestructuraci\u00f3n social, la migraci\u00f3n del mundo rural y las mutaciones alucinadas del Paraguay de nuestros d\u00edas. Sus personajes bailan al ritmo cumbiantero y cachaquero de los barrios populares, de sus narradores o\u00edmos las voces laterales del mundo capitalino y las historias de viejas urbanidades en ciudades cada vez menos r\u00fasticas.<br \/>\nLa literatura paraguaya contempor\u00e1nea late al calor de los nuevos tiempos t\u00f3rridos que vive el pa\u00eds. Un Paraguay que celebr\u00f3 en el 2011 su Bicentenario, en 1811 declar\u00f3 su doble prescindencia de monarcas espa\u00f1oles y de comerciantes rioplatenses. Hoy la tierra sin mal que a\u00f1oraban los jesuitas, la yuy marane `y de los tup\u00ed guaran\u00edes, tiene m\u00e1s hect\u00e1reas sembradas con soja transg\u00e9nica y marihuana que naranjas, m\u00e1s mafiosos que dictadores.<br \/>\nEs un pa\u00eds rural que reclama la reforma agraria, y un pa\u00eds de r\u00edos y represas que lucha por la soberan\u00eda energ\u00e9tica.<br \/>\nUn pa\u00eds demogr\u00e1ficamente joven y veintea\u00f1ero que hace con sus lenguas los experimentos literarios m\u00e1s arriesgados, m\u00e1s temerarios y m\u00e1s fruct\u00edferos.<br \/>\nLos narradores convocados en Los Chongos de Roa Bastos (Domingo Aguilera, Montserrat \u00c1lvarez, Cristino Bogado, Dami\u00e1n Cabrera, Douglas Diegues, Nicol\u00e1s Granada, Edgar Pou, Jos\u00e9 P\u00e9rez Reyes y Javier Viveros) as\u00ed lo demuestran.<\/p>\n","protected":false},"featured_media":0,"comment_status":"closed","ping_status":"closed","template":"","meta":[],"class_list":{"0":"post-2781","1":"product","2":"type-product","3":"status-publish","5":"product_cat-narrativa","6":"post","8":"first","9":"outofstock","10":"taxable","11":"shipping-taxable","12":"purchasable","13":"product-type-simple"},"_links":{"self":[{"href":"https:\/\/cienfuegos.fr\/index.php\/wp-json\/wp\/v2\/product\/2781","targetHints":{"allow":["GET"]}}],"collection":[{"href":"https:\/\/cienfuegos.fr\/index.php\/wp-json\/wp\/v2\/product"}],"about":[{"href":"https:\/\/cienfuegos.fr\/index.php\/wp-json\/wp\/v2\/types\/product"}],"replies":[{"embeddable":true,"href":"https:\/\/cienfuegos.fr\/index.php\/wp-json\/wp\/v2\/comments?post=2781"}],"wp:attachment":[{"href":"https:\/\/cienfuegos.fr\/index.php\/wp-json\/wp\/v2\/media?parent=2781"}],"curies":[{"name":"wp","href":"https:\/\/api.w.org\/{rel}","templated":true}]}}