{"id":2770,"date":"2020-07-12T11:44:26","date_gmt":"2020-07-12T09:44:26","guid":{"rendered":"https:\/\/cienfuegos.fr\/?post_type=product&#038;p=2770"},"modified":"2020-08-18T10:05:39","modified_gmt":"2020-08-18T08:05:39","slug":"musica-y-modernidad-en-buenos-aires-1920-1940","status":"publish","type":"product","link":"https:\/\/cienfuegos.fr\/index.php\/product\/musica-y-modernidad-en-buenos-aires-1920-1940\/","title":{"rendered":"M\u00fasica y modernidad en Buenos Aires (1920-1940)"},"content":{"rendered":"<p>La historia cultural de las d\u00e9cadas de 1920 y 1930 en la Argentina ha sido ampliamente estudiada desde la literatura, las artes visuales, la pol\u00edtica o la historia de las ideas.<br \/>\nMenos conocida es la rica y variada actividad musical modernizadora del per\u00edodo y su interrelaci\u00f3n con otros campos. Momentos significativos de estos a\u00f1os, como los debates musicales en las revistas de los grupos de Florida y Boedo, las pol\u00e9micas de Juan Carlos Paz en la prensa de inspiraci\u00f3n libertaria, la actividad concert\u00edstica de la Asociaci\u00f3n Amigos del Arte, la conmemoraci\u00f3n local del centenario de la muerte de Beethoven, la experiencia musical de Victoria Ocampo y del directorio \u00abvanguardista\u00bb del Teatro Col\u00f3n que encabez\u00f3, las tendencias neocl\u00e1sicas y objetivistas en la m\u00fasica argentina de la d\u00e9cada de 1930, la recepci\u00f3n de la Escuela de Viena en Buenos Aires, la utilizaci\u00f3n de la m\u00fasica en el Congreso Eucar\u00edstico, la visita de Stravinsky y las relaciones entre m\u00fasica y pol\u00edtica son algunos de los cortes elegidos para observar el papel que este arte desempe\u00f1\u00f3 en ese per\u00edodo clave de la historia cultural argentina.<\/p>\n","protected":false},"excerpt":{"rendered":"<p>La historia cultural de las d\u00e9cadas de 1920 y 1930 en la Argentina ha sido ampliamente estudiada desde la literatura, las artes visuales, la pol\u00edtica o la historia de las ideas. Menos conocida es la rica y variada actividad musical modernizadora del per\u00edodo y su interrelaci\u00f3n con otros campos. Momentos significativos de estos a\u00f1os, como&hellip;<\/p>\n","protected":false},"featured_media":5155,"comment_status":"open","ping_status":"closed","template":"","meta":[],"class_list":{"0":"post-2770","1":"product","2":"type-product","3":"status-publish","4":"has-post-thumbnail","6":"product_cat-arte","7":"post","9":"first","10":"instock","11":"taxable","12":"shipping-taxable","13":"purchasable","14":"product-type-simple"},"_links":{"self":[{"href":"https:\/\/cienfuegos.fr\/index.php\/wp-json\/wp\/v2\/product\/2770","targetHints":{"allow":["GET"]}}],"collection":[{"href":"https:\/\/cienfuegos.fr\/index.php\/wp-json\/wp\/v2\/product"}],"about":[{"href":"https:\/\/cienfuegos.fr\/index.php\/wp-json\/wp\/v2\/types\/product"}],"replies":[{"embeddable":true,"href":"https:\/\/cienfuegos.fr\/index.php\/wp-json\/wp\/v2\/comments?post=2770"}],"wp:featuredmedia":[{"embeddable":true,"href":"https:\/\/cienfuegos.fr\/index.php\/wp-json\/wp\/v2\/media\/5155"}],"wp:attachment":[{"href":"https:\/\/cienfuegos.fr\/index.php\/wp-json\/wp\/v2\/media?parent=2770"}],"curies":[{"name":"wp","href":"https:\/\/api.w.org\/{rel}","templated":true}]}}