{"id":15207,"date":"2020-11-29T19:16:50","date_gmt":"2020-11-29T18:16:50","guid":{"rendered":"https:\/\/cienfuegos.fr\/?post_type=product&#038;p=15207"},"modified":"2020-11-29T19:16:51","modified_gmt":"2020-11-29T18:16:51","slug":"pequena-historia-patagonica","status":"publish","type":"product","link":"https:\/\/cienfuegos.fr\/index.php\/product\/pequena-historia-patagonica\/","title":{"rendered":"Peque\u00f1a historia patag\u00f3nica"},"content":{"rendered":"","protected":false},"excerpt":{"rendered":"<p>Autor: Braun Men\u00e9ndez, Armando<br \/>\nEditorial: Francisco Aguirre<br \/>\nA\u00f1o de publicaci\u00f3n: 1971<br \/>\nN\u00famero de p\u00e1ginas:<br \/>\nI.S.B.N:<\/p>\n<p>R\u00fastica ilustrada editorial con solapas. 20&#215;14 cm. Cuarta edici\u00f3n. 219 p\u00e1ginas con retrato del autor en frontis. Colecci\u00f3n Cruz del Sur N\u00ba 6. Exploraciones geogr\u00e1ficas. Historia de Chile. Bibliograf\u00eda.<\/p>\n","protected":false},"featured_media":0,"comment_status":"open","ping_status":"closed","template":"","meta":[],"class_list":{"0":"post-15207","1":"product","2":"type-product","3":"status-publish","5":"product_cat-historia","6":"post","8":"first","9":"instock","10":"taxable","11":"shipping-taxable","12":"purchasable","13":"product-type-simple"},"_links":{"self":[{"href":"https:\/\/cienfuegos.fr\/index.php\/wp-json\/wp\/v2\/product\/15207","targetHints":{"allow":["GET"]}}],"collection":[{"href":"https:\/\/cienfuegos.fr\/index.php\/wp-json\/wp\/v2\/product"}],"about":[{"href":"https:\/\/cienfuegos.fr\/index.php\/wp-json\/wp\/v2\/types\/product"}],"replies":[{"embeddable":true,"href":"https:\/\/cienfuegos.fr\/index.php\/wp-json\/wp\/v2\/comments?post=15207"}],"wp:attachment":[{"href":"https:\/\/cienfuegos.fr\/index.php\/wp-json\/wp\/v2\/media?parent=15207"}],"curies":[{"name":"wp","href":"https:\/\/api.w.org\/{rel}","templated":true}]}}