{"id":15194,"date":"2020-11-29T19:02:12","date_gmt":"2020-11-29T18:02:12","guid":{"rendered":"https:\/\/cienfuegos.fr\/?post_type=product&#038;p=15194"},"modified":"2020-11-29T19:02:12","modified_gmt":"2020-11-29T18:02:12","slug":"del-rio-grande-al-plata","status":"publish","type":"product","link":"https:\/\/cienfuegos.fr\/index.php\/product\/del-rio-grande-al-plata\/","title":{"rendered":"Del R\u00edo Grande al plata"},"content":{"rendered":"","protected":false},"excerpt":{"rendered":"<p>Autor: Wulschner, Hans Joachim<br \/>\nEditorial: Sudamericana<br \/>\nA\u00f1o de publicaci\u00f3n:<br \/>\nN\u00famero de p\u00e1ginas:<br \/>\nI.S.B.N:<\/p>\n<p>Editorial Sudamericana, Buenos Aires, 1976. Condici\u00f3n: Muy bueno. 347 p\u00e1ginas. T\u00edtulo del original en alem\u00e1n: \u00abVom Rio Grande zum La Plata\u00bb. Traducci\u00f3n de Willy Kemp. Nueva compilaci\u00f3n de cr\u00f3nicas de viajes realizados por alemanes en el siglo XIX por el continente sudamericano. Informes de viajeros alemanes sobre la Am\u00e9rica del Sur del siglo XIX. Vivos y coloridos testimonios que nos permiten descubrir c\u00f3mo nos vieron y de ese modo redescubrirnos. Contiene ilustraciones en blanco y negro.<\/p>\n","protected":false},"featured_media":0,"comment_status":"open","ping_status":"closed","template":"","meta":[],"class_list":{"0":"post-15194","1":"product","2":"type-product","3":"status-publish","5":"product_cat-literatura_de_viaje","6":"post","8":"first","9":"instock","10":"taxable","11":"shipping-taxable","12":"product-type-simple"},"_links":{"self":[{"href":"https:\/\/cienfuegos.fr\/index.php\/wp-json\/wp\/v2\/product\/15194","targetHints":{"allow":["GET"]}}],"collection":[{"href":"https:\/\/cienfuegos.fr\/index.php\/wp-json\/wp\/v2\/product"}],"about":[{"href":"https:\/\/cienfuegos.fr\/index.php\/wp-json\/wp\/v2\/types\/product"}],"replies":[{"embeddable":true,"href":"https:\/\/cienfuegos.fr\/index.php\/wp-json\/wp\/v2\/comments?post=15194"}],"wp:attachment":[{"href":"https:\/\/cienfuegos.fr\/index.php\/wp-json\/wp\/v2\/media?parent=15194"}],"curies":[{"name":"wp","href":"https:\/\/api.w.org\/{rel}","templated":true}]}}