{"id":15035,"date":"2020-11-28T21:18:55","date_gmt":"2020-11-28T20:18:55","guid":{"rendered":"https:\/\/cienfuegos.fr\/?post_type=product&#038;p=15035"},"modified":"2020-11-28T21:18:55","modified_gmt":"2020-11-28T20:18:55","slug":"de-vuelta-a-casa-historias-de-nietos-restituidos","status":"publish","type":"product","link":"https:\/\/cienfuegos.fr\/index.php\/product\/de-vuelta-a-casa-historias-de-nietos-restituidos\/","title":{"rendered":"De vuelta a casa. Historias de nietos restituidos"},"content":{"rendered":"","protected":false},"excerpt":{"rendered":"<p>Autor: Argento, Anal\u00eda<br \/>\nEditorial: Marea<br \/>\nA\u00f1o de publicaci\u00f3n:<br \/>\nN\u00famero de p\u00e1ginas:<br \/>\nI.S.B.N:<\/p>\n<p>El robo de beb\u00e9s y ni\u00f1os y la sustracci\u00f3n de su identidad fue el mayor delito cometido en el marco de la \u00faltima dictadura militar en Argentina. Buscados incansablemente por sus familiares y por las Abuelas de Plaza de Mayo, se calcula que a\u00fan hoy m\u00e1s de 400 de aquellos beb\u00e9s y ni\u00f1os, convertidos en bot\u00edn de guerra, contin\u00faan desaparecidos. Los reencontrados ya suman 119. En este libro, diez de esos chicos, hoy mujeres y hombres adultos, pueden contar finalmente su vida en primera persona. En muchos casos, lo hacen en p\u00fablico por primera vez. Y se animan a relatar su historia completa, no solo el ?final feliz? de la restituci\u00f3n.<\/p>\n","protected":false},"featured_media":0,"comment_status":"open","ping_status":"closed","template":"","meta":[],"class_list":{"0":"post-15035","1":"product","2":"type-product","3":"status-publish","5":"product_cat-cronica","6":"post","8":"first","9":"instock","10":"taxable","11":"shipping-taxable","12":"purchasable","13":"product-type-simple"},"_links":{"self":[{"href":"https:\/\/cienfuegos.fr\/index.php\/wp-json\/wp\/v2\/product\/15035","targetHints":{"allow":["GET"]}}],"collection":[{"href":"https:\/\/cienfuegos.fr\/index.php\/wp-json\/wp\/v2\/product"}],"about":[{"href":"https:\/\/cienfuegos.fr\/index.php\/wp-json\/wp\/v2\/types\/product"}],"replies":[{"embeddable":true,"href":"https:\/\/cienfuegos.fr\/index.php\/wp-json\/wp\/v2\/comments?post=15035"}],"wp:attachment":[{"href":"https:\/\/cienfuegos.fr\/index.php\/wp-json\/wp\/v2\/media?parent=15035"}],"curies":[{"name":"wp","href":"https:\/\/api.w.org\/{rel}","templated":true}]}}