{"id":15018,"date":"2020-11-28T21:00:46","date_gmt":"2020-11-28T20:00:46","guid":{"rendered":"https:\/\/cienfuegos.fr\/?post_type=product&#038;p=15018"},"modified":"2025-05-29T18:01:50","modified_gmt":"2025-05-29T16:01:50","slug":"en-las-entranas-un-analisis-sociohistorico-de-la-emigracion-puertorriquena","status":"publish","type":"product","link":"https:\/\/cienfuegos.fr\/index.php\/product\/en-las-entranas-un-analisis-sociohistorico-de-la-emigracion-puertorriquena\/","title":{"rendered":"En las entra\u00f1as: un an\u00e1lisis sociohist\u00f3rico de la emigraci\u00f3n puertorrique\u00f1a"},"content":{"rendered":"","protected":false},"excerpt":{"rendered":"<p>Autor: Maldonado-Denis, Manuel<br \/>\nEditorial:<br \/>\nA\u00f1o de publicaci\u00f3n:<br \/>\nN\u00famero de p\u00e1ginas:<br \/>\nI.S.B.N:<\/p>\n","protected":false},"featured_media":0,"comment_status":"open","ping_status":"closed","template":"","meta":[],"class_list":{"0":"post-15018","1":"product","2":"type-product","3":"status-publish","5":"product_cat-ensayo","6":"post","8":"first","9":"instock","10":"taxable","11":"shipping-taxable","12":"purchasable","13":"product-type-simple"},"_links":{"self":[{"href":"https:\/\/cienfuegos.fr\/index.php\/wp-json\/wp\/v2\/product\/15018","targetHints":{"allow":["GET"]}}],"collection":[{"href":"https:\/\/cienfuegos.fr\/index.php\/wp-json\/wp\/v2\/product"}],"about":[{"href":"https:\/\/cienfuegos.fr\/index.php\/wp-json\/wp\/v2\/types\/product"}],"replies":[{"embeddable":true,"href":"https:\/\/cienfuegos.fr\/index.php\/wp-json\/wp\/v2\/comments?post=15018"}],"wp:attachment":[{"href":"https:\/\/cienfuegos.fr\/index.php\/wp-json\/wp\/v2\/media?parent=15018"}],"curies":[{"name":"wp","href":"https:\/\/api.w.org\/{rel}","templated":true}]}}