{"id":14999,"date":"2020-11-28T20:33:23","date_gmt":"2020-11-28T19:33:23","guid":{"rendered":"https:\/\/cienfuegos.fr\/?post_type=product&#038;p=14999"},"modified":"2025-05-29T12:34:51","modified_gmt":"2025-05-29T10:34:51","slug":"jose-felix-ribas","status":"publish","type":"product","link":"https:\/\/cienfuegos.fr\/index.php\/product\/jose-felix-ribas\/","title":{"rendered":"Jos\u00e9 F\u00e9lix Ribas"},"content":{"rendered":"","protected":false},"excerpt":{"rendered":"<p>Autor: Gonz\u00e1lez, Juan V.<br \/>\nEditorial:<br \/>\nA\u00f1o de publicaci\u00f3n:<br \/>\nN\u00famero de p\u00e1ginas:<br \/>\nI.S.B.N:<\/p>\n","protected":false},"featured_media":0,"comment_status":"open","ping_status":"closed","template":"","meta":[],"class_list":{"0":"post-14999","1":"product","2":"type-product","3":"status-publish","5":"product_cat-diarios_y_biografias","6":"post","8":"first","9":"instock","10":"taxable","11":"shipping-taxable","12":"purchasable","13":"product-type-simple"},"_links":{"self":[{"href":"https:\/\/cienfuegos.fr\/index.php\/wp-json\/wp\/v2\/product\/14999","targetHints":{"allow":["GET"]}}],"collection":[{"href":"https:\/\/cienfuegos.fr\/index.php\/wp-json\/wp\/v2\/product"}],"about":[{"href":"https:\/\/cienfuegos.fr\/index.php\/wp-json\/wp\/v2\/types\/product"}],"replies":[{"embeddable":true,"href":"https:\/\/cienfuegos.fr\/index.php\/wp-json\/wp\/v2\/comments?post=14999"}],"wp:attachment":[{"href":"https:\/\/cienfuegos.fr\/index.php\/wp-json\/wp\/v2\/media?parent=14999"}],"curies":[{"name":"wp","href":"https:\/\/api.w.org\/{rel}","templated":true}]}}