{"id":14464,"date":"2020-11-24T21:48:04","date_gmt":"2020-11-24T20:48:04","guid":{"rendered":"https:\/\/cienfuegos.fr\/?post_type=product&#038;p=14464"},"modified":"2020-11-24T21:48:05","modified_gmt":"2020-11-24T20:48:05","slug":"cronicas-latinoamericanas-la-region-surandina-chile-peru-bolivia","status":"publish","type":"product","link":"https:\/\/cienfuegos.fr\/index.php\/product\/cronicas-latinoamericanas-la-region-surandina-chile-peru-bolivia\/","title":{"rendered":"Cr\u00f3nicas latinoamericanas. La regi\u00f3n surandina: Chile Per\u00fa Bolivia"},"content":{"rendered":"","protected":false},"excerpt":{"rendered":"<p>Autor: Guerra, Sergio; Prieto, Alberto; D\u00edaz de Arce, Omar<br \/>\nEditorial: Casa de las Am\u00e9ricas<br \/>\nA\u00f1o de publicaci\u00f3n:<br \/>\nN\u00famero de p\u00e1ginas:<br \/>\nI.S.B.N:<\/p>\n","protected":false},"featured_media":0,"comment_status":"open","ping_status":"closed","template":"","meta":[],"class_list":{"0":"post-14464","1":"product","2":"type-product","3":"status-publish","5":"product_cat-historia","6":"post","8":"first","9":"instock","10":"taxable","11":"shipping-taxable","12":"purchasable","13":"product-type-simple"},"_links":{"self":[{"href":"https:\/\/cienfuegos.fr\/index.php\/wp-json\/wp\/v2\/product\/14464","targetHints":{"allow":["GET"]}}],"collection":[{"href":"https:\/\/cienfuegos.fr\/index.php\/wp-json\/wp\/v2\/product"}],"about":[{"href":"https:\/\/cienfuegos.fr\/index.php\/wp-json\/wp\/v2\/types\/product"}],"replies":[{"embeddable":true,"href":"https:\/\/cienfuegos.fr\/index.php\/wp-json\/wp\/v2\/comments?post=14464"}],"wp:attachment":[{"href":"https:\/\/cienfuegos.fr\/index.php\/wp-json\/wp\/v2\/media?parent=14464"}],"curies":[{"name":"wp","href":"https:\/\/api.w.org\/{rel}","templated":true}]}}