{"id":14422,"date":"2020-11-24T20:40:05","date_gmt":"2020-11-24T19:40:05","guid":{"rendered":"https:\/\/cienfuegos.fr\/?post_type=product&#038;p=14422"},"modified":"2020-11-24T20:40:05","modified_gmt":"2020-11-24T19:40:05","slug":"sobre-el-estado","status":"publish","type":"product","link":"https:\/\/cienfuegos.fr\/index.php\/product\/sobre-el-estado\/","title":{"rendered":"Sobre el estado"},"content":{"rendered":"","protected":false},"excerpt":{"rendered":"<p>Autor: Bourdieu, Pierre<br \/>\nEditorial:<br \/>\nA\u00f1o de publicaci\u00f3n:<br \/>\nN\u00famero de p\u00e1ginas:<br \/>\nI.S.B.N:<\/p>\n<p>Pierre Bourdieu presenta as\u00ed este libro fundamental: Saber que se trata de una pretensi\u00f3n algo alocada, que se ha intentado en varias ocasiones a lo largo de la historia con muchos fracasos, convierte mi empresa en algo aterrador y he vacilado mucho antes de present\u00e1rsela a ustedes. Para lograr su indulgencia, les voy a mostrar hasta qu\u00e9 punto es arriesgada la empresa explicando c\u00f3mo fracasaron, a mi juicio, los que ya lo intentaron. Les voy a proporcionar armas contra m\u00ed pero, al mismo tiempo, al mostrarles cu\u00e1n dif\u00edcil es, conseguir\u00e9 que sean mucho m\u00e1s indulgentes de lo que lo ser\u00edan si no lo supieran. A pesar de estar presente en toda la obra de Pierre Bourdieu, la cuesti\u00f3n del Estado no lleg\u00f3 a convertirse en el objeto de un libro que unificara la teor\u00eda sobre el tema. Ahora bien, esta cuesti\u00f3n, a la que consagr\u00f3 tres a\u00f1os de su actividad docente en el Coll\u00e8ge de France, ofrece en muchos aspectos la clave para integrar el conjunto de sus investigaciones: esta ficci\u00f3n colectiva de efectos muy reales es a la vez producto, desaf\u00edo y fundamento de todas las luchas de intereses. Este texto, que inaugura la publicaci\u00f3n de cursos y seminarios del soci\u00f3logo, proporciona tambi\u00e9n la lectura de otro Bourdieu , m\u00e1s concreto y pedag\u00f3gico ya que muestra su pensamiento mientras lo elabora. Desenmascara la ilusi\u00f3n de la idea de Estado , dedicada a mantener la creencia en un principio de gobierno orientado hacia el bien com\u00fan, y critica el estado de \u00e1nimo antiinstitucional , dispuesto a reducir la construcci\u00f3n de un aparato burocr\u00e1tico a una funci\u00f3n de mantenimiento del orden social. En momentos en que la crisis econ\u00f3mica permite precipitar, a costa de la soberan\u00eda popular, el desmantelamiento de los servicios p\u00fablicos, este libro aporta las herramientas cr\u00edticas necesarias para una comprensi\u00f3n m\u00e1s l\u00facida de los resortes de la dominaci\u00f3n. Sus cursos son una aut\u00e9ntica mina de erudici\u00f3n: no reflejan el saber r\u00edgido del especialista, sino el saber vasto y audaz del generalista. Casi cada p\u00e1rrafo contiene un hallazgo, y asistimos en ocasiones a una profusi\u00f3n de ideas, de contra-ideas, de meta-ideas que confluyen, una tras otra. Bourdieu, sin embargo, demostr\u00f3 una precisi\u00f3n y un control notables al asimilar una masa de datos en un an\u00e1lisis sociol\u00f3gico coherente (Abram de Swaan). Como en los cursos de Foucault o en los seminarios de Lacan, o la correspondencia de Althusser, el tiempo transcurrido proporciona mayor potencia a estos textos in\u00e9ditos. Lo que vibra aqu\u00ed son las l\u00edneas maestras de un pensamiento que busca, duda, ofrece giros inesperados, se alimenta de las m\u00e1s variadas fuentes (\u00c9ric Aeschimann). Su sociolog\u00eda se esfuerza por dilucidar la dial\u00e9ctica de la historia hecha cuerpo y de la historia hecha cosa, del habitus y del campo, que nos conduce al meollo del misterio de la vida social (Lo\u00efc Wacquant).<\/p>\n","protected":false},"featured_media":0,"comment_status":"open","ping_status":"closed","template":"","meta":[],"class_list":{"0":"post-14422","1":"product","2":"type-product","3":"status-publish","5":"product_cat-ensayo-sociologia","6":"post","8":"first","9":"instock","10":"taxable","11":"shipping-taxable","12":"purchasable","13":"product-type-simple"},"_links":{"self":[{"href":"https:\/\/cienfuegos.fr\/index.php\/wp-json\/wp\/v2\/product\/14422","targetHints":{"allow":["GET"]}}],"collection":[{"href":"https:\/\/cienfuegos.fr\/index.php\/wp-json\/wp\/v2\/product"}],"about":[{"href":"https:\/\/cienfuegos.fr\/index.php\/wp-json\/wp\/v2\/types\/product"}],"replies":[{"embeddable":true,"href":"https:\/\/cienfuegos.fr\/index.php\/wp-json\/wp\/v2\/comments?post=14422"}],"wp:attachment":[{"href":"https:\/\/cienfuegos.fr\/index.php\/wp-json\/wp\/v2\/media?parent=14422"}],"curies":[{"name":"wp","href":"https:\/\/api.w.org\/{rel}","templated":true}]}}