{"id":14291,"date":"2020-11-23T23:02:54","date_gmt":"2020-11-23T22:02:54","guid":{"rendered":"https:\/\/cienfuegos.fr\/?post_type=product&#038;p=14291"},"modified":"2020-11-23T23:02:54","modified_gmt":"2020-11-23T22:02:54","slug":"el-hombre-que-parecia-un-caballo-y-otros-cuentos","status":"publish","type":"product","link":"https:\/\/cienfuegos.fr\/index.php\/product\/el-hombre-que-parecia-un-caballo-y-otros-cuentos\/","title":{"rendered":"El hombre que parec\u00eda un caballo y otros cuentos"},"content":{"rendered":"","protected":false},"excerpt":{"rendered":"<p>Autor: Ar\u00e9vao Mart\u00ednez, Rafael<br \/>\nEditorial: Archivos<br \/>\nA\u00f1o de publicaci\u00f3n:<br \/>\nN\u00famero de p\u00e1ginas:<br \/>\nI.S.B.N:<\/p>\n<p>ALLCA XX (Colecci\u00f3n Archivos, 29), Madrid, 1997. 24&#215;17. Tapa dura editorial con sobrecubierta. XLII+660 p\u00e1gs. Papel biblia. Cinta de registro. Ilustraci\u00f3n de cubierta de Magda Eunice S\u00e1nchez. Perfecto estado. \/\/ Edici\u00f3n cr\u00edtica coordinada por Dante Liano \/\/ Completa y documentad\u00edsima edici\u00f3n cr\u00edtica del famoso relato, publicado por primera vez en 1915 y basado en la figura del poeta colombiano Porfirio Barba Jacob, de Rafael Ar\u00e9valo Mart\u00ednez (Quezaltenango, Guatemala, 1884-1975), poeta nacional (On\u00eds lo incluy\u00f3 en su antolog\u00eda de 1934) y creador de la novela \u00abpsico-zool\u00f3gica\u00bb \/\/ Textos preliminares de Mario Monforte Toledo y Dante Liano. Cronolog\u00eda. Historia del texto por Arturo Taracena Arriola, Ana M\u00aa Urruela V. de Quezada, Gerald Mart\u00edn, Dante Liano, Daniel Balderston y Jos\u00e9 Mej\u00eda. Lecturas del texto por Arturo Arias, Sophie F\u00e9ral, Lucrecia M\u00e9ndez de Penedo, Ram\u00f3n Luis Acevedo, Francisco N\u00e1jera, Francisco Albiz\u00farez Palma y Dante Liano. Dossier: dos art\u00edculos de R. Ar\u00e9valo Mart\u00ednez y una rese\u00f1a de P. Barba Jacob y recepci\u00f3n cr\u00edtica (Rub\u00e9n Cardona, Federico de On\u00eds, Graciela Palau de Nemes,.).<\/p>\n","protected":false},"featured_media":0,"comment_status":"open","ping_status":"closed","template":"","meta":[],"class_list":{"0":"post-14291","1":"product","2":"type-product","3":"status-publish","5":"product_cat-narrativa","6":"post","8":"first","9":"instock","10":"taxable","11":"shipping-taxable","12":"purchasable","13":"product-type-simple"},"_links":{"self":[{"href":"https:\/\/cienfuegos.fr\/index.php\/wp-json\/wp\/v2\/product\/14291","targetHints":{"allow":["GET"]}}],"collection":[{"href":"https:\/\/cienfuegos.fr\/index.php\/wp-json\/wp\/v2\/product"}],"about":[{"href":"https:\/\/cienfuegos.fr\/index.php\/wp-json\/wp\/v2\/types\/product"}],"replies":[{"embeddable":true,"href":"https:\/\/cienfuegos.fr\/index.php\/wp-json\/wp\/v2\/comments?post=14291"}],"wp:attachment":[{"href":"https:\/\/cienfuegos.fr\/index.php\/wp-json\/wp\/v2\/media?parent=14291"}],"curies":[{"name":"wp","href":"https:\/\/api.w.org\/{rel}","templated":true}]}}