{"id":14282,"date":"2020-11-23T22:52:26","date_gmt":"2020-11-23T21:52:26","guid":{"rendered":"https:\/\/cienfuegos.fr\/?post_type=product&#038;p=14282"},"modified":"2024-03-23T17:15:52","modified_gmt":"2024-03-23T16:15:52","slug":"el-zorro-de-arriba-y-el-zorro-de-abajo","status":"publish","type":"product","link":"https:\/\/cienfuegos.fr\/index.php\/product\/el-zorro-de-arriba-y-el-zorro-de-abajo\/","title":{"rendered":"El zorro de arriba y el zorro de abajo"},"content":{"rendered":"","protected":false},"excerpt":{"rendered":"<p>Autor: Arguedas, Jos\u00e9 Mar\u00eda<br \/>\nEditorial: Archivos<br \/>\nA\u00f1o de publicaci\u00f3n:<br \/>\nN\u00famero de p\u00e1ginas:<br \/>\nI.S.B.N:<\/p>\n<p>Edici\u00f3n cr\u00edtica anotada con extensas introducciones, textos complementarios, variantes de textos originales, ap\u00e9ndices, anotaciones marginales y a pie de p\u00e1gina, etc. *** Esta edici\u00f3n de El zorro. de Arguedas, coordinada por la investigadora Eve-Marie Fell, presenta al lector una serie de trabajos que abordan esta obra y la vida del autor a partir de distintas perspectivas del tema: literaria, sociol\u00f3gica, hist\u00f3rica, e, incluso, psicol\u00f3gica. El estudio, respaldado por notas, una cronolog\u00eda, un glosario de voces andinas y algunas cartas que escribi\u00f3 el poeta suicida, abarca la historia de la novela y su publicaci\u00f3n p\u00f3stuma, as\u00ed como su recepci\u00f3n cr\u00edtica y un an\u00e1lisis de su est\u00e9tica.<\/p>\n","protected":false},"featured_media":0,"comment_status":"open","ping_status":"closed","template":"","meta":[],"class_list":{"0":"post-14282","1":"product","2":"type-product","3":"status-publish","5":"product_cat-narrativa","6":"post","8":"first","9":"instock","10":"taxable","11":"shipping-taxable","12":"purchasable","13":"product-type-simple"},"_links":{"self":[{"href":"https:\/\/cienfuegos.fr\/index.php\/wp-json\/wp\/v2\/product\/14282","targetHints":{"allow":["GET"]}}],"collection":[{"href":"https:\/\/cienfuegos.fr\/index.php\/wp-json\/wp\/v2\/product"}],"about":[{"href":"https:\/\/cienfuegos.fr\/index.php\/wp-json\/wp\/v2\/types\/product"}],"replies":[{"embeddable":true,"href":"https:\/\/cienfuegos.fr\/index.php\/wp-json\/wp\/v2\/comments?post=14282"}],"wp:attachment":[{"href":"https:\/\/cienfuegos.fr\/index.php\/wp-json\/wp\/v2\/media?parent=14282"}],"curies":[{"name":"wp","href":"https:\/\/api.w.org\/{rel}","templated":true}]}}