{"id":14235,"date":"2020-11-23T21:29:33","date_gmt":"2020-11-23T20:29:33","guid":{"rendered":"https:\/\/cienfuegos.fr\/?post_type=product&#038;p=14235"},"modified":"2020-11-23T21:29:33","modified_gmt":"2020-11-23T20:29:33","slug":"historia-de-los-intelectuales-en-america-latina-la-ciudad-letrada-de-la-conquista-al-modernismo","status":"publish","type":"product","link":"https:\/\/cienfuegos.fr\/index.php\/product\/historia-de-los-intelectuales-en-america-latina-la-ciudad-letrada-de-la-conquista-al-modernismo\/","title":{"rendered":"Historia de los intelectuales en Am\u00e9rica Latina. La ciudad letrada, de la conquista al modernismo"},"content":{"rendered":"","protected":false},"excerpt":{"rendered":"<p>Autor: Altamirano, Carlos (director)<br \/>\nEditorial: Katz<br \/>\nA\u00f1o de publicaci\u00f3n:<br \/>\nN\u00famero de p\u00e1ginas:<br \/>\nI.S.B.N:<\/p>\n<p>Las elites culturales han sido actores importantes de la historia de Am\u00e9rica Latina. Sin embargo aunque su labor y su pensamiento son conocidos no exist\u00eda una historia de la posici\u00f3n de los hombres de ideas en el espacio social de sus asociaciones y sus formas de actividad de las instituciones y los campos de la vida intelectual de sus debates y de las relaciones entre poder secular y poder espiritual para utilizar la distinci\u00f3n introducida por Comte. Hay excelentes estudios sobre casos nacionales pero no exist\u00eda hasta el presente una historia general. Historia de los intelectuales en Am\u00e9rica Latina la importante obra dirigida por Carlos Altamirano propone este acercamiento en una perspectiva que esta tambi\u00e9n atravesada por la g\u00e9nesis y la historia de las transformaciones del uso del concepto de intelectual . El primer volumen analiza la historia especifica contextualizada de los intelectuales durante los cuatro primeros siglos de historia de Am\u00e9rica Latina. Este segundo volumen recorre una franja hist\u00f3rica que va de comienzos del siglo XX a la d\u00e9cada de 1980. Los trabajos se ordenan de acuerdo con ejes tem\u00e1ticos diferentes: la revoluci\u00f3n como idea programa pero tambi\u00e9n como experiencia; la obra y la acci\u00f3n de los exiliados; las redes intelectuales tejidas por encuentros viajes y cartas; las revistas culturales como fuente para estudiar las direcciones y las batallas del pensamiento en las sociedades modernas o como forma de agrupamiento y organizaci\u00f3n de la intelligentsia; la pol\u00edtica entendida como objeto de preocupaci\u00f3n y de ocupaci\u00f3n de los intelectuales; el indigenismo como movimiento ideol\u00f3gico moderno; las vanguardias art\u00edstico-literarias; los emprendimientos editoriales o la progresiva institucionalizaci\u00f3n acad\u00e9mica de las ciencias sociales y de otros saberes como la literatura o la critica literaria. Fruto de la colaboraci\u00f3n de estudiosos de mas de una generaci\u00f3n y de diferentes disciplinas<\/p>\n","protected":false},"featured_media":0,"comment_status":"open","ping_status":"closed","template":"","meta":[],"class_list":{"0":"post-14235","1":"product","2":"type-product","3":"status-publish","5":"product_cat-estudios-literarios-estudios-culturales","6":"post","8":"first","9":"instock","10":"taxable","11":"shipping-taxable","12":"purchasable","13":"product-type-simple"},"_links":{"self":[{"href":"https:\/\/cienfuegos.fr\/index.php\/wp-json\/wp\/v2\/product\/14235","targetHints":{"allow":["GET"]}}],"collection":[{"href":"https:\/\/cienfuegos.fr\/index.php\/wp-json\/wp\/v2\/product"}],"about":[{"href":"https:\/\/cienfuegos.fr\/index.php\/wp-json\/wp\/v2\/types\/product"}],"replies":[{"embeddable":true,"href":"https:\/\/cienfuegos.fr\/index.php\/wp-json\/wp\/v2\/comments?post=14235"}],"wp:attachment":[{"href":"https:\/\/cienfuegos.fr\/index.php\/wp-json\/wp\/v2\/media?parent=14235"}],"curies":[{"name":"wp","href":"https:\/\/api.w.org\/{rel}","templated":true}]}}