{"id":12816,"date":"2020-11-15T23:00:45","date_gmt":"2020-11-15T22:00:45","guid":{"rendered":"https:\/\/cienfuegos.fr\/?post_type=product&#038;p=12816"},"modified":"2020-11-15T23:00:45","modified_gmt":"2020-11-15T22:00:45","slug":"lo-demas","status":"publish","type":"product","link":"https:\/\/cienfuegos.fr\/index.php\/product\/lo-demas\/","title":{"rendered":"Lo dem\u00e1s"},"content":{"rendered":"","protected":false},"excerpt":{"rendered":"<p>Autor: Myers, Robin<br \/>\nEditorial: Kriller71<br \/>\nA\u00f1o de publicaci\u00f3n:<br \/>\nN\u00famero de p\u00e1ginas:<br \/>\nI.S.B.N:<\/p>\n<p>Lo dem\u00e1s, es su primer libro de poemas traducido al espa\u00f1ol por Ezequiel Zaidenwerg y editado por Kriller71ediciones. En la Introducci\u00f3n, la propia Robin nos cuenta c\u00f3mo sus poemas se vieron alterados y nutridos por \u00abotros idiomas, diferentes del de mi crianza. Y cuando digo \u00abidiomas\u00bb, ni siquiera me refiero al espa\u00f1ol o al \u00e1rabe, sino a los registros de la vida cotidiana en un lugar dado en determinado momento, como los dialectos fluctuantes del humor y la angustia, la forma en que la gente cuenta historias y las historias que cuentan.\u00bb Poes\u00eda.<\/p>\n","protected":false},"featured_media":0,"comment_status":"open","ping_status":"closed","template":"","meta":[],"class_list":{"0":"post-12816","1":"product","2":"type-product","3":"status-publish","5":"product_cat-poesia","6":"post","8":"first","9":"instock","10":"taxable","11":"shipping-taxable","12":"purchasable","13":"product-type-simple"},"_links":{"self":[{"href":"https:\/\/cienfuegos.fr\/index.php\/wp-json\/wp\/v2\/product\/12816","targetHints":{"allow":["GET"]}}],"collection":[{"href":"https:\/\/cienfuegos.fr\/index.php\/wp-json\/wp\/v2\/product"}],"about":[{"href":"https:\/\/cienfuegos.fr\/index.php\/wp-json\/wp\/v2\/types\/product"}],"replies":[{"embeddable":true,"href":"https:\/\/cienfuegos.fr\/index.php\/wp-json\/wp\/v2\/comments?post=12816"}],"wp:attachment":[{"href":"https:\/\/cienfuegos.fr\/index.php\/wp-json\/wp\/v2\/media?parent=12816"}],"curies":[{"name":"wp","href":"https:\/\/api.w.org\/{rel}","templated":true}]}}