{"id":12676,"date":"2020-11-15T00:35:21","date_gmt":"2020-11-14T23:35:21","guid":{"rendered":"https:\/\/cienfuegos.fr\/?post_type=product&#038;p=12676"},"modified":"2020-11-15T00:35:21","modified_gmt":"2020-11-14T23:35:21","slug":"la-letra-de-lo-minimo","status":"publish","type":"product","link":"https:\/\/cienfuegos.fr\/index.php\/product\/la-letra-de-lo-minimo\/","title":{"rendered":"La letra de lo m\u00ednimo"},"content":{"rendered":"","protected":false},"excerpt":{"rendered":"<p>Autor: Mercado, Tununa<br \/>\nEditorial: Beatriz Viterbo<br \/>\nA\u00f1o de publicaci\u00f3n:<br \/>\nN\u00famero de p\u00e1ginas:<br \/>\nI.S.B.N:<\/p>\n<p>Los textos reunidos en este volumen fueron escritos por demanda de circunstancia: un viaje, un libro que pide comentario, una muerte que quiere consuelo, una obra pl\u00e1stica que se expone al juicio y al placer de la mirada, un discurso que incita, un acto que provoca. Peque\u00f1os desaf\u00edos, en suma. Y en esa dimensi\u00f3n que se confiere al objeto replicante, la peque\u00f1ez, LA LETRA DE LO M\u00cdNIMO quiz\u00e1s no sea solo un titulo sino tambi\u00e9n una manera de ver y de escribir. Es la escritura lo que agranda la imagen, es ella el lente que gira hasta encontrar el foco, es decir la nitidez del perfil y aun, lo que esta mas adentro y se descompone y recompone en sucesivas transparencias. Mini-ensayos, poemitas, mini-relatos, universitos, como el de la ni\u00f1a de Chiapas que teje su mas grande mundo en el telar mas diminuto del mundo, el libro los trenza o hilvana en una novela m\u00ednima. TUNUNA MERCADO<\/p>\n","protected":false},"featured_media":0,"comment_status":"open","ping_status":"closed","template":"","meta":[],"class_list":{"0":"post-12676","1":"product","2":"type-product","3":"status-publish","5":"product_cat-ensayo-narrativa","6":"post","8":"first","9":"instock","10":"taxable","11":"shipping-taxable","12":"purchasable","13":"product-type-simple"},"_links":{"self":[{"href":"https:\/\/cienfuegos.fr\/index.php\/wp-json\/wp\/v2\/product\/12676","targetHints":{"allow":["GET"]}}],"collection":[{"href":"https:\/\/cienfuegos.fr\/index.php\/wp-json\/wp\/v2\/product"}],"about":[{"href":"https:\/\/cienfuegos.fr\/index.php\/wp-json\/wp\/v2\/types\/product"}],"replies":[{"embeddable":true,"href":"https:\/\/cienfuegos.fr\/index.php\/wp-json\/wp\/v2\/comments?post=12676"}],"wp:attachment":[{"href":"https:\/\/cienfuegos.fr\/index.php\/wp-json\/wp\/v2\/media?parent=12676"}],"curies":[{"name":"wp","href":"https:\/\/api.w.org\/{rel}","templated":true}]}}