{"id":12671,"date":"2020-11-15T00:27:10","date_gmt":"2020-11-14T23:27:10","guid":{"rendered":"https:\/\/cienfuegos.fr\/?post_type=product&#038;p=12671"},"modified":"2020-11-15T00:27:11","modified_gmt":"2020-11-14T23:27:11","slug":"espejo-del-amor-y-la-muerte-antologia-de-la-poesia-ultima","status":"publish","type":"product","link":"https:\/\/cienfuegos.fr\/index.php\/product\/espejo-del-amor-y-la-muerte-antologia-de-la-poesia-ultima\/","title":{"rendered":"Espejo del amor y la muerte (Antolog\u00eda de la Poes\u00eda \u00faltima)"},"content":{"rendered":"","protected":false},"excerpt":{"rendered":"<p>Autor: Prieto, Antonio (Selecci\u00f3n y pr\u00f3logo); Aleixandre, Vicente (presentaci\u00f3n); Javier Lostal\u00e9 \/ Luis Alberto de Cuenca \/ Luis Antonio de Villena \/ Ram\u00f3n Mayrata<br \/>\nEditorial: Bezoar \\n A\u00f1o de publicaci\u00f3n: 1971<br \/>\nN\u00famero de p\u00e1ginas:<br \/>\nI.S.B.N:<\/p>\n<p>Muy buen estado.<\/p>\n","protected":false},"featured_media":0,"comment_status":"open","ping_status":"closed","template":"","meta":[],"class_list":{"0":"post-12671","1":"product","2":"type-product","3":"status-publish","5":"product_cat-poesia","6":"post","8":"first","9":"instock","10":"taxable","11":"shipping-taxable","12":"purchasable","13":"product-type-simple"},"_links":{"self":[{"href":"https:\/\/cienfuegos.fr\/index.php\/wp-json\/wp\/v2\/product\/12671","targetHints":{"allow":["GET"]}}],"collection":[{"href":"https:\/\/cienfuegos.fr\/index.php\/wp-json\/wp\/v2\/product"}],"about":[{"href":"https:\/\/cienfuegos.fr\/index.php\/wp-json\/wp\/v2\/types\/product"}],"replies":[{"embeddable":true,"href":"https:\/\/cienfuegos.fr\/index.php\/wp-json\/wp\/v2\/comments?post=12671"}],"wp:attachment":[{"href":"https:\/\/cienfuegos.fr\/index.php\/wp-json\/wp\/v2\/media?parent=12671"}],"curies":[{"name":"wp","href":"https:\/\/api.w.org\/{rel}","templated":true}]}}