{"id":12635,"date":"2020-11-14T22:50:38","date_gmt":"2020-11-14T21:50:38","guid":{"rendered":"https:\/\/cienfuegos.fr\/?post_type=product&#038;p=12635"},"modified":"2023-04-05T10:57:47","modified_gmt":"2023-04-05T08:57:47","slug":"jardin-cerrado","status":"publish","type":"product","link":"https:\/\/cienfuegos.fr\/index.php\/product\/jardin-cerrado\/","title":{"rendered":"Jard\u00edn cerrado"},"content":{"rendered":"","protected":false},"excerpt":{"rendered":"<p>Autor: Prados, Emilio<br \/>\nEditorial: Cuadernos Americanos<br \/>\nA\u00f1o de publicaci\u00f3n: 1946<br \/>\nN\u00famero de p\u00e1ginas:<br \/>\nI.S.B.N:<\/p>\n<p>Cuadernos Americanos No. 10, 419 pgs., M\u00e9xico, D. F., 1946. R\u00fastica. Condici\u00f3n: Buen estado. Primera edici\u00f3n.<\/p>\n","protected":false},"featured_media":0,"comment_status":"open","ping_status":"closed","template":"","meta":[],"class_list":{"0":"post-12635","1":"product","2":"type-product","3":"status-publish","5":"product_cat-poesia-coleccionables","6":"post","8":"first","9":"instock","10":"taxable","11":"shipping-taxable","12":"purchasable","13":"product-type-simple"},"_links":{"self":[{"href":"https:\/\/cienfuegos.fr\/index.php\/wp-json\/wp\/v2\/product\/12635","targetHints":{"allow":["GET"]}}],"collection":[{"href":"https:\/\/cienfuegos.fr\/index.php\/wp-json\/wp\/v2\/product"}],"about":[{"href":"https:\/\/cienfuegos.fr\/index.php\/wp-json\/wp\/v2\/types\/product"}],"replies":[{"embeddable":true,"href":"https:\/\/cienfuegos.fr\/index.php\/wp-json\/wp\/v2\/comments?post=12635"}],"wp:attachment":[{"href":"https:\/\/cienfuegos.fr\/index.php\/wp-json\/wp\/v2\/media?parent=12635"}],"curies":[{"name":"wp","href":"https:\/\/api.w.org\/{rel}","templated":true}]}}