{"id":12517,"date":"2020-11-14T19:25:47","date_gmt":"2020-11-14T18:25:47","guid":{"rendered":"https:\/\/cienfuegos.fr\/?post_type=product&#038;p=12517"},"modified":"2020-11-14T19:25:47","modified_gmt":"2020-11-14T18:25:47","slug":"la-senortia-de-tacna","status":"publish","type":"product","link":"https:\/\/cienfuegos.fr\/index.php\/product\/la-senortia-de-tacna\/","title":{"rendered":"La se\u00f1ortia de Tacna"},"content":{"rendered":"","protected":false},"excerpt":{"rendered":"<p>Autor: Vargas Llosa, Mario<br \/>\nEditorial: Seix Barral<br \/>\nA\u00f1o de publicaci\u00f3n:<br \/>\nN\u00famero de p\u00e1ginas:<br \/>\nI.S.B.N:<\/p>\n<p>Seix &amp; Barral, Sant Joan Desp\u00ed &#8211; Barcelona, 1981. Encuadernaci\u00f3n de tapa blanda. Condici\u00f3n: Bien. Estado de la sobrecubierta: Bien. Teatro Ilustrador. 1\u00aa Edici\u00f3n. Col. Biblioteca Breve Seix &amp; Barral.<\/p>\n","protected":false},"featured_media":0,"comment_status":"open","ping_status":"closed","template":"","meta":[],"class_list":{"0":"post-12517","1":"product","2":"type-product","3":"status-publish","5":"product_cat-teatro","6":"post","8":"first","9":"instock","10":"taxable","11":"shipping-taxable","12":"purchasable","13":"product-type-simple"},"_links":{"self":[{"href":"https:\/\/cienfuegos.fr\/index.php\/wp-json\/wp\/v2\/product\/12517","targetHints":{"allow":["GET"]}}],"collection":[{"href":"https:\/\/cienfuegos.fr\/index.php\/wp-json\/wp\/v2\/product"}],"about":[{"href":"https:\/\/cienfuegos.fr\/index.php\/wp-json\/wp\/v2\/types\/product"}],"replies":[{"embeddable":true,"href":"https:\/\/cienfuegos.fr\/index.php\/wp-json\/wp\/v2\/comments?post=12517"}],"wp:attachment":[{"href":"https:\/\/cienfuegos.fr\/index.php\/wp-json\/wp\/v2\/media?parent=12517"}],"curies":[{"name":"wp","href":"https:\/\/api.w.org\/{rel}","templated":true}]}}