{"id":11864,"date":"2020-11-09T20:13:39","date_gmt":"2020-11-09T19:13:39","guid":{"rendered":"https:\/\/cienfuegos.fr\/?post_type=product&#038;p=11864"},"modified":"2020-11-09T20:13:39","modified_gmt":"2020-11-09T19:13:39","slug":"la-tia-julia-y-el-escribidor","status":"publish","type":"product","link":"https:\/\/cienfuegos.fr\/index.php\/product\/la-tia-julia-y-el-escribidor\/","title":{"rendered":"La t\u00eda Julia y el escribidor"},"content":{"rendered":"","protected":false},"excerpt":{"rendered":"<p>Autor: Vargas Llosa, Mario<br \/>\nEditorial: Seix Barral<br \/>\nA\u00f1o de publicaci\u00f3n: 1977<br \/>\nN\u00famero de p\u00e1ginas:<br \/>\nI.S.B.N:<\/p>\n<p>PRIMERA EDICI\u00d3N. 447 pp.+1 h. R\u00fastica de la editorial. 19,5&#215;12,5. Edit. Seix Barral. Biblioteca Breve. Barcelona, 1977. La t\u00eda Julia y el escribidor es una novela semi-autobiogr\u00e1fica. La novela trata de la historia de un adolescente, Mario, que sue\u00f1a con ser escritor y trabaja en una radioemisora en donde conoce a Pedro Camacho, un exc\u00e9ntrico libretista boliviano de radionovelas que adem\u00e1s interpreta lo que escribe. Mario, o Marito como es llamado en la obra, se enamora de su t\u00eda pol\u00edtica Julia Urquidi, quien es divorciada y 14 a\u00f1os mayor que \u00e9l, por lo que se enfrenta con su propia familia hasta casarse con ella.<\/p>\n","protected":false},"featured_media":0,"comment_status":"open","ping_status":"closed","template":"","meta":[],"class_list":{"0":"post-11864","1":"product","2":"type-product","3":"status-publish","5":"product_cat-narrativa","6":"post","8":"first","9":"instock","10":"taxable","11":"shipping-taxable","12":"purchasable","13":"product-type-simple"},"_links":{"self":[{"href":"https:\/\/cienfuegos.fr\/index.php\/wp-json\/wp\/v2\/product\/11864","targetHints":{"allow":["GET"]}}],"collection":[{"href":"https:\/\/cienfuegos.fr\/index.php\/wp-json\/wp\/v2\/product"}],"about":[{"href":"https:\/\/cienfuegos.fr\/index.php\/wp-json\/wp\/v2\/types\/product"}],"replies":[{"embeddable":true,"href":"https:\/\/cienfuegos.fr\/index.php\/wp-json\/wp\/v2\/comments?post=11864"}],"wp:attachment":[{"href":"https:\/\/cienfuegos.fr\/index.php\/wp-json\/wp\/v2\/media?parent=11864"}],"curies":[{"name":"wp","href":"https:\/\/api.w.org\/{rel}","templated":true}]}}