{"id":10898,"date":"2020-11-02T19:13:09","date_gmt":"2020-11-02T18:13:09","guid":{"rendered":"https:\/\/cienfuegos.fr\/?post_type=product&#038;p=10898"},"modified":"2020-11-02T19:13:09","modified_gmt":"2020-11-02T18:13:09","slug":"modelos-animales","status":"publish","type":"product","link":"https:\/\/cienfuegos.fr\/index.php\/product\/modelos-animales\/","title":{"rendered":"Modelos animales"},"content":{"rendered":"","protected":false},"excerpt":{"rendered":"<p>Autor: La Cruz, Aixa de<br \/>\nEditorial: Salto de p\u00e1gina<br \/>\nA\u00f1o de publicaci\u00f3n:<br \/>\nN\u00famero de p\u00e1ginas:<br \/>\nI.S.B.N:<\/p>\n<p>En Modelos animales, la violencia irrumpe de manera inesperada en contextos que no deber\u00edan augurarla, o es ejercida por personajes de quienes no se espera. Cualquier escenario cotidiano se revela potencialmente ajeno y peligroso, porque la l\u00ednea entre la raz\u00f3n y la cordura, entre lo familiar y lo extra\u00f1o, es siempre menos s\u00f3lida de lo que imaginamos. Aixa de la Cruz nos lo recuerda con este conjunto de relatos que son tambi\u00e9n una constataci\u00f3n de estilo y talento narrativo.<\/p>\n","protected":false},"featured_media":0,"comment_status":"open","ping_status":"closed","template":"","meta":[],"class_list":{"0":"post-10898","1":"product","2":"type-product","3":"status-publish","5":"product_cat-narrativa","6":"post","8":"first","9":"instock","10":"taxable","11":"shipping-taxable","12":"purchasable","13":"product-type-simple"},"_links":{"self":[{"href":"https:\/\/cienfuegos.fr\/index.php\/wp-json\/wp\/v2\/product\/10898","targetHints":{"allow":["GET"]}}],"collection":[{"href":"https:\/\/cienfuegos.fr\/index.php\/wp-json\/wp\/v2\/product"}],"about":[{"href":"https:\/\/cienfuegos.fr\/index.php\/wp-json\/wp\/v2\/types\/product"}],"replies":[{"embeddable":true,"href":"https:\/\/cienfuegos.fr\/index.php\/wp-json\/wp\/v2\/comments?post=10898"}],"wp:attachment":[{"href":"https:\/\/cienfuegos.fr\/index.php\/wp-json\/wp\/v2\/media?parent=10898"}],"curies":[{"name":"wp","href":"https:\/\/api.w.org\/{rel}","templated":true}]}}