{"id":10866,"date":"2020-11-02T18:12:05","date_gmt":"2020-11-02T17:12:05","guid":{"rendered":"https:\/\/cienfuegos.fr\/?post_type=product&#038;p=10866"},"modified":"2020-11-02T18:12:05","modified_gmt":"2020-11-02T17:12:05","slug":"cuentos-cortos","status":"publish","type":"product","link":"https:\/\/cienfuegos.fr\/index.php\/product\/cuentos-cortos\/","title":{"rendered":"Cuentos cortos"},"content":{"rendered":"","protected":false},"excerpt":{"rendered":"<p>Autor: Llamazares, Julio<br \/>\nEditorial:<br \/>\nA\u00f1o de publicaci\u00f3n:<br \/>\nN\u00famero de p\u00e1ginas:<br \/>\nI.S.B.N:<\/p>\n<p>Este volumen re\u00fane dos colecciones de relatos alejadas en el tiempo pero no en la intenci\u00f3n: En mitad de ninguna parte (1995) y Tanta pasi\u00f3n para nada (2011). Junto a ellas, un verdadero regalo: \u00abEl valor del agua\u00bb, embri\u00f3n de la novela Distintas formas de mirar el agua . En Cuentos cortos encontramos la pr\u00e1ctica totalidad de la narrativa breve de Julio Llamazares: un resumen de su manera de ver y de estar en el mundo. Los personajes de todos los relatos son luchadores tit\u00e1nicos que buscan un espacio propio en un mundo obstinado en ponerse en su contra, que se rebelan, con pasi\u00f3n in\u00fatil, contra la l\u00f3gica imperante para mantenerse fieles a s\u00ed mismos. Y ese es su triunfo. Rese\u00f1a: \u00abJulio Llamazares sigue siendo un escritor especial, alguien capaz de mirar el mundo de otra manera. \u00bb<\/p>\n","protected":false},"featured_media":0,"comment_status":"open","ping_status":"closed","template":"","meta":[],"class_list":{"0":"post-10866","1":"product","2":"type-product","3":"status-publish","5":"product_cat-narrativa","6":"post","8":"first","9":"instock","10":"taxable","11":"shipping-taxable","12":"purchasable","13":"product-type-simple"},"_links":{"self":[{"href":"https:\/\/cienfuegos.fr\/index.php\/wp-json\/wp\/v2\/product\/10866","targetHints":{"allow":["GET"]}}],"collection":[{"href":"https:\/\/cienfuegos.fr\/index.php\/wp-json\/wp\/v2\/product"}],"about":[{"href":"https:\/\/cienfuegos.fr\/index.php\/wp-json\/wp\/v2\/types\/product"}],"replies":[{"embeddable":true,"href":"https:\/\/cienfuegos.fr\/index.php\/wp-json\/wp\/v2\/comments?post=10866"}],"wp:attachment":[{"href":"https:\/\/cienfuegos.fr\/index.php\/wp-json\/wp\/v2\/media?parent=10866"}],"curies":[{"name":"wp","href":"https:\/\/api.w.org\/{rel}","templated":true}]}}