{"id":10630,"date":"2020-10-31T18:47:30","date_gmt":"2020-10-31T17:47:30","guid":{"rendered":"https:\/\/cienfuegos.fr\/?post_type=product&#038;p=10630"},"modified":"2020-10-31T18:47:30","modified_gmt":"2020-10-31T17:47:30","slug":"la-novela-luminosa","status":"publish","type":"product","link":"https:\/\/cienfuegos.fr\/index.php\/product\/la-novela-luminosa\/","title":{"rendered":"La novela luminosa"},"content":{"rendered":"","protected":false},"excerpt":{"rendered":"<p>Autor: Levrero, Mario<br \/>\nEditorial: De Bolsillo<br \/>\nA\u00f1o de publicaci\u00f3n:<br \/>\nN\u00famero de p\u00e1ginas:<br \/>\nI.S.B.N:<\/p>\n<p>En su obra p\u00f3stuma, Mario Levrero se entreg\u00f3 a la tarea de escribir una novela en la que fuera capaz de narrar ciertas experiencias extraordinarias, que \u00e9l denominaba \u00abluminosas\u00bb, sin que perdieran tal cualidad. Una tarea imposible, seg\u00fan confiesa m\u00e1s adelante, pero en la que se embarca con el \u00abDiario de la beca\u00bb. En cada una de las entradas de este diario, que recorre un a\u00f1o de su vida, el autor nos habla de s\u00ed mismo. El miedo a la muerte, el amor, la p\u00e9rdida del amor, la vejez, la poes\u00eda y la naturaleza de la ficci\u00f3n, las experiencias luminosas e inenarrables: todo cabe en esta monumental obra.<\/p>\n","protected":false},"featured_media":0,"comment_status":"open","ping_status":"closed","template":"","meta":[],"class_list":{"0":"post-10630","1":"product","2":"type-product","3":"status-publish","5":"product_cat-narrativa","6":"post","8":"first","9":"instock","10":"taxable","11":"shipping-taxable","12":"purchasable","13":"product-type-simple"},"_links":{"self":[{"href":"https:\/\/cienfuegos.fr\/index.php\/wp-json\/wp\/v2\/product\/10630","targetHints":{"allow":["GET"]}}],"collection":[{"href":"https:\/\/cienfuegos.fr\/index.php\/wp-json\/wp\/v2\/product"}],"about":[{"href":"https:\/\/cienfuegos.fr\/index.php\/wp-json\/wp\/v2\/types\/product"}],"replies":[{"embeddable":true,"href":"https:\/\/cienfuegos.fr\/index.php\/wp-json\/wp\/v2\/comments?post=10630"}],"wp:attachment":[{"href":"https:\/\/cienfuegos.fr\/index.php\/wp-json\/wp\/v2\/media?parent=10630"}],"curies":[{"name":"wp","href":"https:\/\/api.w.org\/{rel}","templated":true}]}}