{"id":10612,"date":"2020-10-31T17:52:26","date_gmt":"2020-10-31T16:52:26","guid":{"rendered":"https:\/\/cienfuegos.fr\/?post_type=product&#038;p=10612"},"modified":"2020-10-31T17:52:26","modified_gmt":"2020-10-31T16:52:26","slug":"caza-de-conejos","status":"publish","type":"product","link":"https:\/\/cienfuegos.fr\/index.php\/product\/caza-de-conejos\/","title":{"rendered":"Caza de conejos"},"content":{"rendered":"","protected":false},"excerpt":{"rendered":"<p>Autor: Levrero, Mario<br \/>\nEditorial: Zorro rojo<br \/>\nA\u00f1o de publicaci\u00f3n:<br \/>\nN\u00famero de p\u00e1ginas:<br \/>\nI.S.B.N:<\/p>\n<p>Condici\u00f3n: Nuevo. 168 pp. Una obra maestra del escritor uruguayo Mario Levrero, convertido en referente imprescindible de la actual literatura latinoamericana. Las im\u00e1genes de la prestigiosa artista catalana Sonia Pulido hacen de esta inquietante cacer\u00eda surrealista una gran trampa, urdida por los conejos para atrapar definitivamente a los hombres. Durante m\u00e1s de tres d\u00e9cadas, y a pesar de haber publicado una docena de libros, Mario Levrero (Montevideo, 1940-2004) fue un escritor casi secreto, venerado por un selecto pero reducido grupo de lectores. A su muerte fue por fin descubierto por los grandes grupos editoriales, que lo reconocieron como uno de los latinoamericanos m\u00e1s notables de la segunda mitad del siglo XX e hicieron por primera vez circular su obra en todo el \u00e1mbito de nuestro idioma.<\/p>\n","protected":false},"featured_media":0,"comment_status":"open","ping_status":"closed","template":"","meta":[],"class_list":{"0":"post-10612","1":"product","2":"type-product","3":"status-publish","5":"product_cat-narrativa","6":"post","8":"first","9":"instock","10":"taxable","11":"shipping-taxable","12":"purchasable","13":"product-type-simple"},"_links":{"self":[{"href":"https:\/\/cienfuegos.fr\/index.php\/wp-json\/wp\/v2\/product\/10612","targetHints":{"allow":["GET"]}}],"collection":[{"href":"https:\/\/cienfuegos.fr\/index.php\/wp-json\/wp\/v2\/product"}],"about":[{"href":"https:\/\/cienfuegos.fr\/index.php\/wp-json\/wp\/v2\/types\/product"}],"replies":[{"embeddable":true,"href":"https:\/\/cienfuegos.fr\/index.php\/wp-json\/wp\/v2\/comments?post=10612"}],"wp:attachment":[{"href":"https:\/\/cienfuegos.fr\/index.php\/wp-json\/wp\/v2\/media?parent=10612"}],"curies":[{"name":"wp","href":"https:\/\/api.w.org\/{rel}","templated":true}]}}