{"id":256841,"date":"2025-02-03T16:31:41","date_gmt":"2025-02-03T15:31:41","guid":{"rendered":"https:\/\/cienfuegos.fr\/?page_id=256841"},"modified":"2025-02-03T16:48:30","modified_gmt":"2025-02-03T15:48:30","slug":"plan-des-librairies-etrangeres-a-paris","status":"publish","type":"page","link":"https:\/\/cienfuegos.fr\/index.php\/plan-des-librairies-etrangeres-a-paris\/","title":{"rendered":"Plan des librairies \u00e9trang\u00e8res \u00e0 Paris"},"content":{"rendered":"\n<figure class=\"wp-block-image size-large\"><img loading=\"lazy\" decoding=\"async\" width=\"1024\" height=\"736\" src=\"https:\/\/cienfuegos.fr\/wp-content\/uploads\/2025\/02\/17sept_flash_plan_paris_librairies_etrangeres-FINAL-FINAL-page-002-1024x736.jpg\" alt=\"\" class=\"wp-image-256860\" srcset=\"https:\/\/cienfuegos.fr\/wp-content\/uploads\/2025\/02\/17sept_flash_plan_paris_librairies_etrangeres-FINAL-FINAL-page-002-1024x736.jpg 1024w, https:\/\/cienfuegos.fr\/wp-content\/uploads\/2025\/02\/17sept_flash_plan_paris_librairies_etrangeres-FINAL-FINAL-page-002-300x216.jpg 300w, https:\/\/cienfuegos.fr\/wp-content\/uploads\/2025\/02\/17sept_flash_plan_paris_librairies_etrangeres-FINAL-FINAL-page-002-768x552.jpg 768w, https:\/\/cienfuegos.fr\/wp-content\/uploads\/2025\/02\/17sept_flash_plan_paris_librairies_etrangeres-FINAL-FINAL-page-002-1536x1103.jpg 1536w, https:\/\/cienfuegos.fr\/wp-content\/uploads\/2025\/02\/17sept_flash_plan_paris_librairies_etrangeres-FINAL-FINAL-page-002-2048x1471.jpg 2048w, https:\/\/cienfuegos.fr\/wp-content\/uploads\/2025\/02\/17sept_flash_plan_paris_librairies_etrangeres-FINAL-FINAL-page-002-600x431.jpg 600w\" sizes=\"auto, (max-width: 1024px) 100vw, 1024px\" \/><\/figure>\n\n\n\n<figure class=\"wp-block-image size-large\"><img loading=\"lazy\" decoding=\"async\" width=\"1024\" height=\"736\" src=\"https:\/\/cienfuegos.fr\/wp-content\/uploads\/2025\/02\/17sept_flash_plan_paris_librairies_etrangeres-FINAL-FINAL-page-001-1024x736.jpg\" alt=\"\" class=\"wp-image-256861\" srcset=\"https:\/\/cienfuegos.fr\/wp-content\/uploads\/2025\/02\/17sept_flash_plan_paris_librairies_etrangeres-FINAL-FINAL-page-001-1024x736.jpg 1024w, https:\/\/cienfuegos.fr\/wp-content\/uploads\/2025\/02\/17sept_flash_plan_paris_librairies_etrangeres-FINAL-FINAL-page-001-300x216.jpg 300w, https:\/\/cienfuegos.fr\/wp-content\/uploads\/2025\/02\/17sept_flash_plan_paris_librairies_etrangeres-FINAL-FINAL-page-001-768x552.jpg 768w, https:\/\/cienfuegos.fr\/wp-content\/uploads\/2025\/02\/17sept_flash_plan_paris_librairies_etrangeres-FINAL-FINAL-page-001-1536x1103.jpg 1536w, https:\/\/cienfuegos.fr\/wp-content\/uploads\/2025\/02\/17sept_flash_plan_paris_librairies_etrangeres-FINAL-FINAL-page-001-2048x1471.jpg 2048w, https:\/\/cienfuegos.fr\/wp-content\/uploads\/2025\/02\/17sept_flash_plan_paris_librairies_etrangeres-FINAL-FINAL-page-001-600x431.jpg 600w\" sizes=\"auto, (max-width: 1024px) 100vw, 1024px\" \/><\/figure>\n","protected":false},"excerpt":{"rendered":"","protected":false},"author":1,"featured_media":0,"parent":0,"menu_order":0,"comment_status":"closed","ping_status":"closed","template":"","meta":{"footnotes":""},"class_list":["post-256841","page","type-page","status-publish","hentry","post"],"_links":{"self":[{"href":"https:\/\/cienfuegos.fr\/index.php\/wp-json\/wp\/v2\/pages\/256841","targetHints":{"allow":["GET"]}}],"collection":[{"href":"https:\/\/cienfuegos.fr\/index.php\/wp-json\/wp\/v2\/pages"}],"about":[{"href":"https:\/\/cienfuegos.fr\/index.php\/wp-json\/wp\/v2\/types\/page"}],"author":[{"embeddable":true,"href":"https:\/\/cienfuegos.fr\/index.php\/wp-json\/wp\/v2\/users\/1"}],"replies":[{"embeddable":true,"href":"https:\/\/cienfuegos.fr\/index.php\/wp-json\/wp\/v2\/comments?post=256841"}],"version-history":[{"count":3,"href":"https:\/\/cienfuegos.fr\/index.php\/wp-json\/wp\/v2\/pages\/256841\/revisions"}],"predecessor-version":[{"id":256863,"href":"https:\/\/cienfuegos.fr\/index.php\/wp-json\/wp\/v2\/pages\/256841\/revisions\/256863"}],"wp:attachment":[{"href":"https:\/\/cienfuegos.fr\/index.php\/wp-json\/wp\/v2\/media?parent=256841"}],"curies":[{"name":"wp","href":"https:\/\/api.w.org\/{rel}","templated":true}]}}